{"id":9889,"date":"2020-12-30T19:30:47","date_gmt":"2020-12-30T19:30:47","guid":{"rendered":"https:\/\/xn--shop-fr-vegane-und-vegetarische-kost-j0d.de\/?product=aepfel-pinova-aus-deutschland-bodensee-suess-saeuerlicher-apfel-saftig-fest-1-10-kg-10"},"modified":"2023-04-08T18:40:48","modified_gmt":"2023-04-08T16:40:48","slug":"aepfel-pinova-aus-deutschland-bodensee-suess-saeuerlicher-apfel-saftig-fest-1-10-kg-10","status":"publish","type":"product","link":"https:\/\/xn--shop-fr-vegane-und-vegetarische-kost-j0d.de\/?product=aepfel-pinova-aus-deutschland-bodensee-suess-saeuerlicher-apfel-saftig-fest-1-10-kg-10","title":{"rendered":"\u00c4pfel Pinova aus Deutschland\/Bodensee s\u00fc\u00df-s\u00e4uerlicher Apfel saftig fest und knackig 10 KG"},"content":{"rendered":"<p>&#x1f34e; Unsere \u00c4pfel werden am Bodensee \/ Deutschland angebaut<br \/>\n&#x1f34e; Apfel Pinova ist fest, saftig, s\u00fc\u00dfs\u00e4uerlich, aromatisch und w\u00fcrzig.<br \/>\n&#x1f34e; Die Sorte Pinova ergibt sehr gute Tafel\u00e4pfel, die auch zum Kochen und Backen geeignet sind.<br \/>\n&#x1f34e; Die Frucht des Pinova ist klein bis mittelgro\u00df.<br \/>\n&#x1f34e; Geschmack: fruchtig\/s\u00fc\u00df-s\u00e4uerlich intensives Aroma<br \/>\n<div class=\"main-cross-sell\" data-asin=\"B0848V7FDF\">\n\n\t<div class=\"WooZone-cross-sell-loader\">\n\t\t<div>\n\t\t\t<div id=\"floatingBarsG\">\n\t\t\t\t<div class=\"blockG\" id=\"rotateG_01\"><\/div>\n\t\t\t\t<div class=\"blockG\" id=\"rotateG_02\"><\/div>\n\t\t\t\t<div class=\"blockG\" id=\"rotateG_03\"><\/div>\n\t\t\t\t<div class=\"blockG\" id=\"rotateG_04\"><\/div>\n\t\t\t\t<div class=\"blockG\" id=\"rotateG_05\"><\/div>\n\t\t\t\t<div class=\"blockG\" id=\"rotateG_06\"><\/div>\n\t\t\t\t<div class=\"blockG\" id=\"rotateG_07\"><\/div>\n\t\t\t\t<div class=\"blockG\" id=\"rotateG_08\"><\/div>\n\t\t\t<\/div>\n\t\t\t<div class=\"WooZone-cross-sell-loader-text\"><\/div>\n\t\t<\/div>\n\t<\/div>\n\n\t\t\n<\/div>\n<div style=\"clear:both;\"><\/div>\n","protected":false},"excerpt":{"rendered":"<p>&#x1f34e; Unsere \u00c4pfel werden am Bodensee \/ Deutschland angebaut<br \/>\n&#x1f34e; Apfel Pinova ist fest, saftig, s\u00fc\u00dfs\u00e4uerlich, aromatisch und w\u00fcrzig.<br \/>\n&#x1f34e; Die Sorte Pinova ergibt sehr gute Tafel\u00e4pfel, die auch zum Kochen und Backen geeignet sind.<\/p>\n","protected":false},"featured_media":9890,"comment_status":"open","ping_status":"closed","template":"","meta":[],"product_cat":[63],"product_tag":[],"yoast_head":"<!-- This site is optimized with the Yoast SEO Premium plugin v15.4 - https:\/\/yoast.com\/wordpress\/plugins\/seo\/ -->\n<title>\u00c4pfel Pinova aus Deutschland\/Bodensee s\u00fc\u00df-s\u00e4uerlicher Apfel saftig fest und knackig 10 KG - Vegan oder Vegetarisch<\/title>\n<meta name=\"robots\" content=\"index, follow, max-snippet:-1, max-image-preview:large, max-video-preview:-1\" \/>\n<link rel=\"canonical\" href=\"https:\/\/xn--shop-fr-vegane-und-vegetarische-kost-j0d.de\/?product=aepfel-pinova-aus-deutschland-bodensee-suess-saeuerlicher-apfel-saftig-fest-1-10-kg-10\" \/>\n<meta property=\"og:locale\" content=\"de_DE\" \/>\n<meta property=\"og:type\" content=\"article\" \/>\n<meta property=\"og:title\" content=\"\u00c4pfel Pinova aus Deutschland\/Bodensee s\u00fc\u00df-s\u00e4uerlicher Apfel saftig fest und knackig 10 KG - Vegan oder Vegetarisch\" \/>\n<meta property=\"og:description\" content=\"&#x1f34e; Unsere \u00c4pfel werden am Bodensee \/ Deutschland angebaut &#x1f34e; Apfel Pinova ist fest, saftig, s\u00fc\u00dfs\u00e4uerlich, aromatisch und w\u00fcrzig. &#x1f34e; Die Sorte Pinova ergibt sehr gute Tafel\u00e4pfel, die auch zum Kochen und Backen geeignet sind.\" \/>\n<meta property=\"og:url\" content=\"https:\/\/xn--shop-fr-vegane-und-vegetarische-kost-j0d.de\/?product=aepfel-pinova-aus-deutschland-bodensee-suess-saeuerlicher-apfel-saftig-fest-1-10-kg-10\" \/>\n<meta property=\"og:site_name\" content=\"Vegan oder Vegetarisch\" \/>\n<meta property=\"article:modified_time\" content=\"2023-04-08T16:40:48+00:00\" \/>\n<meta property=\"og:image\" content=\"https:\/\/images-na.ssl-images-amazon.com\/images\/I\/41WDsd5K59L.jpg\" \/>\n\t<meta property=\"og:image:width\" content=\"500\" \/>\n\t<meta property=\"og:image:height\" content=\"375\" \/>\n<meta name=\"twitter:card\" content=\"summary_large_image\" \/>\n<meta name=\"twitter:label1\" content=\"Verfasst von\">\n\t<meta name=\"twitter:data1\" content=\"Swen-Olaf Bender\">\n\t<meta name=\"twitter:label2\" content=\"Gesch\u00e4tzte Lesezeit\">\n\t<meta name=\"twitter:data2\" content=\"0\u00a0Minuten\">\n<script type=\"application\/ld+json\" class=\"yoast-schema-graph\">{\"@context\":\"https:\/\/schema.org\",\"@graph\":[{\"@type\":\"WebSite\",\"@id\":\"https:\/\/xn--shop-fr-vegane-und-vegetarische-kost-j0d.de\/#website\",\"url\":\"https:\/\/xn--shop-fr-vegane-und-vegetarische-kost-j0d.de\/\",\"name\":\"Vegan oder Vegetarisch\",\"description\":\"Gesund leben, Gesund essen\",\"potentialAction\":[{\"@type\":\"SearchAction\",\"target\":\"https:\/\/xn--shop-fr-vegane-und-vegetarische-kost-j0d.de\/?s={search_term_string}\",\"query-input\":\"required name=search_term_string\"}],\"inLanguage\":\"de\"},{\"@type\":\"ImageObject\",\"@id\":\"https:\/\/xn--shop-fr-vegane-und-vegetarische-kost-j0d.de\/?product=aepfel-pinova-aus-deutschland-bodensee-suess-saeuerlicher-apfel-saftig-fest-1-10-kg-10#primaryimage\",\"inLanguage\":\"de\",\"url\":\"https:\/\/images-na.ssl-images-amazon.com\/images\/I\/41WDsd5K59L.jpg\",\"width\":500,\"height\":375},{\"@type\":\"WebPage\",\"@id\":\"https:\/\/xn--shop-fr-vegane-und-vegetarische-kost-j0d.de\/?product=aepfel-pinova-aus-deutschland-bodensee-suess-saeuerlicher-apfel-saftig-fest-1-10-kg-10#webpage\",\"url\":\"https:\/\/xn--shop-fr-vegane-und-vegetarische-kost-j0d.de\/?product=aepfel-pinova-aus-deutschland-bodensee-suess-saeuerlicher-apfel-saftig-fest-1-10-kg-10\",\"name\":\"\\u00c4pfel Pinova aus Deutschland\/Bodensee s\\u00fc\\u00df-s\\u00e4uerlicher Apfel saftig fest und knackig 10 KG - Vegan oder Vegetarisch\",\"isPartOf\":{\"@id\":\"https:\/\/xn--shop-fr-vegane-und-vegetarische-kost-j0d.de\/#website\"},\"primaryImageOfPage\":{\"@id\":\"https:\/\/xn--shop-fr-vegane-und-vegetarische-kost-j0d.de\/?product=aepfel-pinova-aus-deutschland-bodensee-suess-saeuerlicher-apfel-saftig-fest-1-10-kg-10#primaryimage\"},\"datePublished\":\"2020-12-30T19:30:47+00:00\",\"dateModified\":\"2023-04-08T16:40:48+00:00\",\"inLanguage\":\"de\",\"potentialAction\":[{\"@type\":\"ReadAction\",\"target\":[\"https:\/\/xn--shop-fr-vegane-und-vegetarische-kost-j0d.de\/?product=aepfel-pinova-aus-deutschland-bodensee-suess-saeuerlicher-apfel-saftig-fest-1-10-kg-10\"]}]}]}<\/script>\n<!-- \/ Yoast SEO Premium plugin. -->","_links":{"self":[{"href":"https:\/\/xn--shop-fr-vegane-und-vegetarische-kost-j0d.de\/index.php?rest_route=\/wp\/v2\/product\/9889"}],"collection":[{"href":"https:\/\/xn--shop-fr-vegane-und-vegetarische-kost-j0d.de\/index.php?rest_route=\/wp\/v2\/product"}],"about":[{"href":"https:\/\/xn--shop-fr-vegane-und-vegetarische-kost-j0d.de\/index.php?rest_route=\/wp\/v2\/types\/product"}],"replies":[{"embeddable":true,"href":"https:\/\/xn--shop-fr-vegane-und-vegetarische-kost-j0d.de\/index.php?rest_route=%2Fwp%2Fv2%2Fcomments&post=9889"}],"wp:featuredmedia":[{"embeddable":true,"href":"https:\/\/xn--shop-fr-vegane-und-vegetarische-kost-j0d.de\/index.php?rest_route=\/wp\/v2\/media\/9890"}],"wp:attachment":[{"href":"https:\/\/xn--shop-fr-vegane-und-vegetarische-kost-j0d.de\/index.php?rest_route=%2Fwp%2Fv2%2Fmedia&parent=9889"}],"wp:term":[{"taxonomy":"product_cat","embeddable":true,"href":"https:\/\/xn--shop-fr-vegane-und-vegetarische-kost-j0d.de\/index.php?rest_route=%2Fwp%2Fv2%2Fproduct_cat&post=9889"},{"taxonomy":"product_tag","embeddable":true,"href":"https:\/\/xn--shop-fr-vegane-und-vegetarische-kost-j0d.de\/index.php?rest_route=%2Fwp%2Fv2%2Fproduct_tag&post=9889"}],"curies":[{"name":"wp","href":"https:\/\/api.w.org\/{rel}","templated":true}]}}