{"id":9482,"date":"2020-12-30T17:32:48","date_gmt":"2020-12-30T17:32:48","guid":{"rendered":"https:\/\/xn--shop-fr-vegane-und-vegetarische-kost-j0d.de\/?product=rapunzel-nirwana-vegane-schokolade-hih-6er-pack-6-x-100-g"},"modified":"2023-04-08T18:40:43","modified_gmt":"2023-04-08T16:40:43","slug":"rapunzel-nirwana-vegane-schokolade-hih-6er-pack-6-x-100-g","status":"publish","type":"product","link":"https:\/\/xn--shop-fr-vegane-und-vegetarische-kost-j0d.de\/?product=rapunzel-nirwana-vegane-schokolade-hih-6er-pack-6-x-100-g","title":{"rendered":"Rapunzel Nirwana vegane Schokolade HiH, 6er Pack (6 x 100 g)"},"content":{"rendered":"<div class=\"disclaim\"> Gr\u00f6\u00dfe:<strong>100 g (6er Pack)<\/strong> <\/div>\n<p> <!-- show up to 2 reviews by default --> <\/p>\n<h3>Produktbeschreibungen<\/h3>\n<p>Verarbeitung: Nirwana Vegan ist die Schokolade f\u00fcr alle Genie\u00dfer und kommt dabei ganz ohne Milchpulver aus. Die feine, edle Pralin\u00e9-F\u00fcllung schmilzt cremig zart auf der Zunge. Rapunzel Schokolade steht f\u00fcr h\u00f6chste Qualit\u00e4t nach Schweizer Herstellertradition verbunden mit wertvollen fair gehandelten Zutaten aus \u00f6kologischem Anbau. Das intensive Conchieren ist neben den wertvollen Rohstoffen das eigentliche Geheimnis des wahren Schokoladengenusses. Durch die Kunst des Conchierens entwickelt sich der anf\u00e4nglich noch verborgene Reichtum an kakaoeigenen Aromen Stufe um Stufe bis zur vollen Entfaltung. Gleichzeitig entsteht vollkommene Feinheit und der unvergleichlich zarte Schmelz. Zertifizierung\/enEU Bio-Siegel <\/p>\n<h3>Inhaltsstoffe \/ Zutaten<\/h3>\n<p>Zucker Vollrohrzucker, Rohrzucker, HASELN\u00dcSSE 21,00%, Kakaobutter, Kakaomasse, Reissiruppulver 7,00%, Kakaopulver, Meersalz, Emulgator: Sonnenblumenlecithin, Bourbon Vanille<br \/>enth\u00e4lt folgende allergene Zutaten: Schalenfr\u00fcchte <\/p>\n<div data-a-expander-name=\"toggle_description\" class=\"a-row a-expander-container a-expander-extend-container\">\n<div class=\"a-expander-content a-expander-extend-content\">\n<h3>Warnhinweise<\/h3>\n<p>Kann Spuren von Milch und N\u00fcsse. <\/p>\n<h3>Anschrift Hersteller\/Importeur<\/h3>\n<p>Rapunzel Naturkost AG; Rapunzelstra\u00dfe; 87764 Legau <\/p>\n<\/p><\/div>\n<p> <a href=\"void(0)\" data-action=\"a-expander-toggle\" class=\"a-expander-header a-declarative a-expander-extend-header\" data-a-expander-toggle=\"{\"><i class=\"a-icon a-icon-extender-expand\"><\/i><span class=\"a-expander-prompt\">Mehr<\/span><\/a> <\/div>\n<p>Wir machen Bio aus Liebe<br \/>\nRapunzel Naturkost<br \/>\nkontrolliert biologischer Anbau<br \/>\n<div class=\"main-cross-sell\" data-asin=\"B00OKD7H86\">\n\n\t<div class=\"WooZone-cross-sell-loader\">\n\t\t<div>\n\t\t\t<div id=\"floatingBarsG\">\n\t\t\t\t<div class=\"blockG\" id=\"rotateG_01\"><\/div>\n\t\t\t\t<div class=\"blockG\" id=\"rotateG_02\"><\/div>\n\t\t\t\t<div class=\"blockG\" id=\"rotateG_03\"><\/div>\n\t\t\t\t<div class=\"blockG\" id=\"rotateG_04\"><\/div>\n\t\t\t\t<div class=\"blockG\" id=\"rotateG_05\"><\/div>\n\t\t\t\t<div class=\"blockG\" id=\"rotateG_06\"><\/div>\n\t\t\t\t<div class=\"blockG\" id=\"rotateG_07\"><\/div>\n\t\t\t\t<div class=\"blockG\" id=\"rotateG_08\"><\/div>\n\t\t\t<\/div>\n\t\t\t<div class=\"WooZone-cross-sell-loader-text\"><\/div>\n\t\t<\/div>\n\t<\/div>\n\n\t\t\n<\/div>\n<div style=\"clear:both;\"><\/div>\n","protected":false},"excerpt":{"rendered":"<p>Wir machen Bio aus Liebe<br \/>\nRapunzel Naturkost<br \/>\nkontrolliert biologischer Anbau<\/p>\n","protected":false},"featured_media":9483,"comment_status":"open","ping_status":"closed","template":"","meta":[],"product_cat":[4145,130],"product_tag":[],"yoast_head":"<!-- This site is optimized with the Yoast SEO Premium plugin v15.4 - https:\/\/yoast.com\/wordpress\/plugins\/seo\/ -->\n<title>Rapunzel Nirwana vegane Schokolade HiH, 6er Pack (6 x 100 g) - Vegan oder Vegetarisch<\/title>\n<meta name=\"robots\" content=\"index, follow, max-snippet:-1, max-image-preview:large, max-video-preview:-1\" \/>\n<link rel=\"canonical\" href=\"https:\/\/xn--shop-fr-vegane-und-vegetarische-kost-j0d.de\/?product=rapunzel-nirwana-vegane-schokolade-hih-6er-pack-6-x-100-g\" \/>\n<meta property=\"og:locale\" content=\"de_DE\" \/>\n<meta property=\"og:type\" content=\"article\" \/>\n<meta property=\"og:title\" content=\"Rapunzel Nirwana vegane Schokolade HiH, 6er Pack (6 x 100 g) - Vegan oder Vegetarisch\" \/>\n<meta property=\"og:description\" content=\"Wir machen Bio aus Liebe Rapunzel Naturkost kontrolliert biologischer Anbau\" \/>\n<meta property=\"og:url\" content=\"https:\/\/xn--shop-fr-vegane-und-vegetarische-kost-j0d.de\/?product=rapunzel-nirwana-vegane-schokolade-hih-6er-pack-6-x-100-g\" \/>\n<meta property=\"og:site_name\" content=\"Vegan oder Vegetarisch\" \/>\n<meta property=\"article:modified_time\" content=\"2023-04-08T16:40:43+00:00\" \/>\n<meta property=\"og:image\" content=\"https:\/\/images-na.ssl-images-amazon.com\/images\/I\/41z%2BPqoiflL.jpg\" \/>\n\t<meta property=\"og:image:width\" content=\"500\" \/>\n\t<meta property=\"og:image:height\" content=\"500\" \/>\n<meta name=\"twitter:card\" content=\"summary_large_image\" \/>\n<meta name=\"twitter:label1\" content=\"Verfasst von\">\n\t<meta name=\"twitter:data1\" content=\"Swen-Olaf Bender\">\n\t<meta name=\"twitter:label2\" content=\"Gesch\u00e4tzte Lesezeit\">\n\t<meta name=\"twitter:data2\" content=\"1\u00a0Minute\">\n<script type=\"application\/ld+json\" class=\"yoast-schema-graph\">{\"@context\":\"https:\/\/schema.org\",\"@graph\":[{\"@type\":\"WebSite\",\"@id\":\"https:\/\/xn--shop-fr-vegane-und-vegetarische-kost-j0d.de\/#website\",\"url\":\"https:\/\/xn--shop-fr-vegane-und-vegetarische-kost-j0d.de\/\",\"name\":\"Vegan oder Vegetarisch\",\"description\":\"Gesund leben, Gesund essen\",\"potentialAction\":[{\"@type\":\"SearchAction\",\"target\":\"https:\/\/xn--shop-fr-vegane-und-vegetarische-kost-j0d.de\/?s={search_term_string}\",\"query-input\":\"required name=search_term_string\"}],\"inLanguage\":\"de\"},{\"@type\":\"ImageObject\",\"@id\":\"https:\/\/xn--shop-fr-vegane-und-vegetarische-kost-j0d.de\/?product=rapunzel-nirwana-vegane-schokolade-hih-6er-pack-6-x-100-g#primaryimage\",\"inLanguage\":\"de\",\"url\":\"https:\/\/images-na.ssl-images-amazon.com\/images\/I\/41z%2BPqoiflL.jpg\",\"width\":500,\"height\":500},{\"@type\":\"WebPage\",\"@id\":\"https:\/\/xn--shop-fr-vegane-und-vegetarische-kost-j0d.de\/?product=rapunzel-nirwana-vegane-schokolade-hih-6er-pack-6-x-100-g#webpage\",\"url\":\"https:\/\/xn--shop-fr-vegane-und-vegetarische-kost-j0d.de\/?product=rapunzel-nirwana-vegane-schokolade-hih-6er-pack-6-x-100-g\",\"name\":\"Rapunzel Nirwana vegane Schokolade HiH, 6er Pack (6 x 100 g) - Vegan oder Vegetarisch\",\"isPartOf\":{\"@id\":\"https:\/\/xn--shop-fr-vegane-und-vegetarische-kost-j0d.de\/#website\"},\"primaryImageOfPage\":{\"@id\":\"https:\/\/xn--shop-fr-vegane-und-vegetarische-kost-j0d.de\/?product=rapunzel-nirwana-vegane-schokolade-hih-6er-pack-6-x-100-g#primaryimage\"},\"datePublished\":\"2020-12-30T17:32:48+00:00\",\"dateModified\":\"2023-04-08T16:40:43+00:00\",\"inLanguage\":\"de\",\"potentialAction\":[{\"@type\":\"ReadAction\",\"target\":[\"https:\/\/xn--shop-fr-vegane-und-vegetarische-kost-j0d.de\/?product=rapunzel-nirwana-vegane-schokolade-hih-6er-pack-6-x-100-g\"]}]}]}<\/script>\n<!-- \/ Yoast SEO Premium plugin. -->","_links":{"self":[{"href":"https:\/\/xn--shop-fr-vegane-und-vegetarische-kost-j0d.de\/index.php?rest_route=\/wp\/v2\/product\/9482"}],"collection":[{"href":"https:\/\/xn--shop-fr-vegane-und-vegetarische-kost-j0d.de\/index.php?rest_route=\/wp\/v2\/product"}],"about":[{"href":"https:\/\/xn--shop-fr-vegane-und-vegetarische-kost-j0d.de\/index.php?rest_route=\/wp\/v2\/types\/product"}],"replies":[{"embeddable":true,"href":"https:\/\/xn--shop-fr-vegane-und-vegetarische-kost-j0d.de\/index.php?rest_route=%2Fwp%2Fv2%2Fcomments&post=9482"}],"wp:featuredmedia":[{"embeddable":true,"href":"https:\/\/xn--shop-fr-vegane-und-vegetarische-kost-j0d.de\/index.php?rest_route=\/wp\/v2\/media\/9483"}],"wp:attachment":[{"href":"https:\/\/xn--shop-fr-vegane-und-vegetarische-kost-j0d.de\/index.php?rest_route=%2Fwp%2Fv2%2Fmedia&parent=9482"}],"wp:term":[{"taxonomy":"product_cat","embeddable":true,"href":"https:\/\/xn--shop-fr-vegane-und-vegetarische-kost-j0d.de\/index.php?rest_route=%2Fwp%2Fv2%2Fproduct_cat&post=9482"},{"taxonomy":"product_tag","embeddable":true,"href":"https:\/\/xn--shop-fr-vegane-und-vegetarische-kost-j0d.de\/index.php?rest_route=%2Fwp%2Fv2%2Fproduct_tag&post=9482"}],"curies":[{"name":"wp","href":"https:\/\/api.w.org\/{rel}","templated":true}]}}