{"id":11620,"date":"2020-12-31T00:03:12","date_gmt":"2020-12-31T00:03:12","guid":{"rendered":"https:\/\/xn--shop-fr-vegane-und-vegetarische-kost-j0d.de\/?product=biozentrale-aufstrich-mango-aprikose-135-g-veganer-brotaufstrich-mit-kichererbsen-und-kurkuma-fuers-brot-in-joghurt-oder-muesli-alternative-zu-marmelade"},"modified":"2023-04-08T19:02:15","modified_gmt":"2023-04-08T17:02:15","slug":"biozentrale-aufstrich-mango-aprikose-135-g-veganer-brotaufstrich-mit-kichererbsen-und-kurkuma-fuers-brot-in-joghurt-oder-muesli-alternative-zu-marmelade","status":"publish","type":"product","link":"https:\/\/xn--shop-fr-vegane-und-vegetarische-kost-j0d.de\/?product=biozentrale-aufstrich-mango-aprikose-135-g-veganer-brotaufstrich-mit-kichererbsen-und-kurkuma-fuers-brot-in-joghurt-oder-muesli-alternative-zu-marmelade","title":{"rendered":"biozentrale Aufstrich Mango Aprikose| 135 g | veganer laktosefreier Brotaufstrich mit Kichererbsen und Kurkuma | f\u00fcrs\u2026"},"content":{"rendered":"<p><!-- show up to 2 reviews by default --> <\/p>\n<h3>Produktbeschreibung<\/h3>\n<p>Unser biozentrale Aufstrich Mango Aprikose mit Kichererbsen und Kurkuma ist ein fruchtig s\u00fc\u00dfer, veganer Aufstrich. Der Fruchtanteil mit Mango und Aprikose sorgt f\u00fcr einen erfrischend fruchtigen, nat\u00fcrlich s\u00fc\u00dfen Geschmack und das Trendgew\u00fcrz Kurkuma verleiht eine w\u00fcrzige Note. Der Aufstrich schmeckt besonders lecker auf frischem Brot, Br\u00f6tchen und unserem biozentrale Knusperbrot oder Mais- und Reiswaffeln. Aber auch zum Verfeinern von S\u00fc\u00dfspeisen, Eis und Desserts sowie als besonderes Extra in Joghurt, M\u00fcsli und in fruchtigen Dips eignet er sich perfekt. <\/p>\n<h3>Inhaltsstoffe \/ Zutaten<\/h3>\n<p>38 % Mangomark*, Wasser, 18 % Kichererbsen*, 8 % Aprikosenst\u00fccke* getrocknet, Apfelsaftkonzentrat*, Sonnenblumen\u00f6l* desodoriert, Zitronensaftkonzentrat*, 0,3 % Kurkuma*, Steinsalz, Reismehl*.*aus kontrolliert-\u00f6kologischer Landwirtschaft <\/p>\n<div data-a-expander-name=\"toggle_description\" class=\"a-row a-expander-container a-expander-extend-container\">\n<div class=\"a-expander-content a-expander-extend-content\">\n<h3>Gebrauchsanweisung<\/h3>\n<p>verzehrfertig <\/p>\n<h3>Warnhinweise<\/h3>\n<p>keine <\/p>\n<h3>Anschrift Hersteller\/Importeur<\/h3>\n<p>D-84384 Ulbering <\/p>\n<\/p><\/div>\n<p> <a href=\"void(0)\" data-action=\"a-expander-toggle\" class=\"a-expander-header a-declarative a-expander-extend-header\" data-a-expander-toggle=\"{\"><i class=\"a-icon a-icon-extender-expand\"><\/i><span class=\"a-expander-prompt\">Mehr<\/span><\/a> <\/div>\n<p>BIO AUFSTRICH &#8211; Die Zutaten f\u00fcr unseren Aufstrich Mango Aprikose stammen aus kontrolliert-\u00f6kologischer Landwirtschaft<br \/>\nNAT\u00dcRLICH LECKER \u2013 Unser Aufstrich mit Mango Aprikose ist vegan und laktosefrei, und kommt ohne Kristallzuckerzusatz aus<br \/>\nFRUCHTIG S\u00dc\u00df &#8211; Die Kombination aus Mango und Aprikose, sowie Kichererbsen und Kurkuma sorgen f\u00fcr einen erfrischend fruchtigen, nat\u00fcrlich s\u00fc\u00dfen Geschmack mit einer w\u00fcrzigen Note<br \/>\nKRAFT DER NATUR \u2013 Wir glauben an die Kraft der Natur \u2013 an Wind, Sonnenaufgang und Regen. Aus langj\u00e4hriger Erfahrung wissen wir um gute Zutaten und kombinieren sie zu sinnvollen Produkten<br \/>\nUMWELTFREUNDLICHE PRODUKTE \u2013 Wir achten darauf, dass unsere Verpackungen so umweltgerecht wie m\u00f6glich sind. Wir verpacken nur so viel wie n\u00f6tig und so wenig wie m\u00f6glich<br \/>\n<div class=\"main-cross-sell\" data-asin=\"B08DHS6HXX\">\n\n\t<div class=\"WooZone-cross-sell-loader\">\n\t\t<div>\n\t\t\t<div id=\"floatingBarsG\">\n\t\t\t\t<div class=\"blockG\" id=\"rotateG_01\"><\/div>\n\t\t\t\t<div class=\"blockG\" id=\"rotateG_02\"><\/div>\n\t\t\t\t<div class=\"blockG\" id=\"rotateG_03\"><\/div>\n\t\t\t\t<div class=\"blockG\" id=\"rotateG_04\"><\/div>\n\t\t\t\t<div class=\"blockG\" id=\"rotateG_05\"><\/div>\n\t\t\t\t<div class=\"blockG\" id=\"rotateG_06\"><\/div>\n\t\t\t\t<div class=\"blockG\" id=\"rotateG_07\"><\/div>\n\t\t\t\t<div class=\"blockG\" id=\"rotateG_08\"><\/div>\n\t\t\t<\/div>\n\t\t\t<div class=\"WooZone-cross-sell-loader-text\"><\/div>\n\t\t<\/div>\n\t<\/div>\n\n\t\t\n<\/div>\n<div style=\"clear:both;\"><\/div>\n","protected":false},"excerpt":{"rendered":"<p>BIO AUFSTRICH &#8211; Die Zutaten f\u00fcr unseren Aufstrich Mango Aprikose stammen aus kontrolliert-\u00f6kologischer Landwirtschaft<br \/>\nNAT\u00dcRLICH LECKER \u2013 Unser Aufstrich mit Mango Aprikose ist vegan und laktosefrei, und kommt ohne Kristallzuckerzusatz aus<br \/>\nFRUCHTIG S\u00dc\u00df &#8211; Die Kombination aus Mango und Aprikose, sowie Kichererbsen und Kurkuma sorgen f\u00fcr einen erfrischend fruchtigen, nat\u00fcrlich s\u00fc\u00dfen Geschmack mit einer w\u00fcrzigen Note<\/p>\n","protected":false},"featured_media":11621,"comment_status":"open","ping_status":"closed","template":"","meta":[],"product_cat":[4146,132],"product_tag":[],"yoast_head":"<!-- This site is optimized with the Yoast SEO Premium plugin v15.4 - https:\/\/yoast.com\/wordpress\/plugins\/seo\/ -->\n<title>biozentrale Aufstrich Mango Aprikose| 135 g | veganer laktosefreier Brotaufstrich mit Kichererbsen und Kurkuma | f\u00fcrs\u2026 - Vegan oder Vegetarisch<\/title>\n<meta name=\"robots\" content=\"index, follow, max-snippet:-1, max-image-preview:large, max-video-preview:-1\" \/>\n<link rel=\"canonical\" href=\"https:\/\/xn--shop-fr-vegane-und-vegetarische-kost-j0d.de\/?product=biozentrale-aufstrich-mango-aprikose-135-g-veganer-brotaufstrich-mit-kichererbsen-und-kurkuma-fuers-brot-in-joghurt-oder-muesli-alternative-zu-marmelade\" \/>\n<meta property=\"og:locale\" content=\"de_DE\" \/>\n<meta property=\"og:type\" content=\"article\" \/>\n<meta property=\"og:title\" content=\"biozentrale Aufstrich Mango Aprikose| 135 g | veganer laktosefreier Brotaufstrich mit Kichererbsen und Kurkuma | f\u00fcrs\u2026 - Vegan oder Vegetarisch\" \/>\n<meta property=\"og:description\" content=\"BIO AUFSTRICH - Die Zutaten f\u00fcr unseren Aufstrich Mango Aprikose stammen aus kontrolliert-\u00f6kologischer Landwirtschaft NAT\u00dcRLICH LECKER \u2013 Unser Aufstrich mit Mango Aprikose ist vegan und laktosefrei, und kommt ohne Kristallzuckerzusatz aus FRUCHTIG S\u00dc\u00df - Die Kombination aus Mango und Aprikose, sowie Kichererbsen und Kurkuma sorgen f\u00fcr einen erfrischend fruchtigen, nat\u00fcrlich s\u00fc\u00dfen Geschmack mit einer w\u00fcrzigen Note\" \/>\n<meta property=\"og:url\" content=\"https:\/\/xn--shop-fr-vegane-und-vegetarische-kost-j0d.de\/?product=biozentrale-aufstrich-mango-aprikose-135-g-veganer-brotaufstrich-mit-kichererbsen-und-kurkuma-fuers-brot-in-joghurt-oder-muesli-alternative-zu-marmelade\" \/>\n<meta property=\"og:site_name\" content=\"Vegan oder Vegetarisch\" \/>\n<meta property=\"article:modified_time\" content=\"2023-04-08T17:02:15+00:00\" \/>\n<meta property=\"og:image\" content=\"https:\/\/images-na.ssl-images-amazon.com\/images\/I\/51L0yRTibfL.jpg\" \/>\n\t<meta property=\"og:image:width\" content=\"500\" \/>\n\t<meta property=\"og:image:height\" content=\"500\" \/>\n<meta name=\"twitter:card\" content=\"summary_large_image\" \/>\n<meta name=\"twitter:label1\" content=\"Verfasst von\">\n\t<meta name=\"twitter:data1\" content=\"Swen-Olaf Bender\">\n\t<meta name=\"twitter:label2\" content=\"Gesch\u00e4tzte Lesezeit\">\n\t<meta name=\"twitter:data2\" content=\"1\u00a0Minute\">\n<script type=\"application\/ld+json\" class=\"yoast-schema-graph\">{\"@context\":\"https:\/\/schema.org\",\"@graph\":[{\"@type\":\"WebSite\",\"@id\":\"https:\/\/xn--shop-fr-vegane-und-vegetarische-kost-j0d.de\/#website\",\"url\":\"https:\/\/xn--shop-fr-vegane-und-vegetarische-kost-j0d.de\/\",\"name\":\"Vegan oder Vegetarisch\",\"description\":\"Gesund leben, Gesund essen\",\"potentialAction\":[{\"@type\":\"SearchAction\",\"target\":\"https:\/\/xn--shop-fr-vegane-und-vegetarische-kost-j0d.de\/?s={search_term_string}\",\"query-input\":\"required name=search_term_string\"}],\"inLanguage\":\"de\"},{\"@type\":\"ImageObject\",\"@id\":\"https:\/\/xn--shop-fr-vegane-und-vegetarische-kost-j0d.de\/?product=biozentrale-aufstrich-mango-aprikose-135-g-veganer-brotaufstrich-mit-kichererbsen-und-kurkuma-fuers-brot-in-joghurt-oder-muesli-alternative-zu-marmelade#primaryimage\",\"inLanguage\":\"de\",\"url\":\"https:\/\/images-na.ssl-images-amazon.com\/images\/I\/51L0yRTibfL.jpg\",\"width\":500,\"height\":500},{\"@type\":\"WebPage\",\"@id\":\"https:\/\/xn--shop-fr-vegane-und-vegetarische-kost-j0d.de\/?product=biozentrale-aufstrich-mango-aprikose-135-g-veganer-brotaufstrich-mit-kichererbsen-und-kurkuma-fuers-brot-in-joghurt-oder-muesli-alternative-zu-marmelade#webpage\",\"url\":\"https:\/\/xn--shop-fr-vegane-und-vegetarische-kost-j0d.de\/?product=biozentrale-aufstrich-mango-aprikose-135-g-veganer-brotaufstrich-mit-kichererbsen-und-kurkuma-fuers-brot-in-joghurt-oder-muesli-alternative-zu-marmelade\",\"name\":\"biozentrale Aufstrich Mango Aprikose| 135 g | veganer laktosefreier Brotaufstrich mit Kichererbsen und Kurkuma | f\\u00fcrs\\u2026 - Vegan oder Vegetarisch\",\"isPartOf\":{\"@id\":\"https:\/\/xn--shop-fr-vegane-und-vegetarische-kost-j0d.de\/#website\"},\"primaryImageOfPage\":{\"@id\":\"https:\/\/xn--shop-fr-vegane-und-vegetarische-kost-j0d.de\/?product=biozentrale-aufstrich-mango-aprikose-135-g-veganer-brotaufstrich-mit-kichererbsen-und-kurkuma-fuers-brot-in-joghurt-oder-muesli-alternative-zu-marmelade#primaryimage\"},\"datePublished\":\"2020-12-31T00:03:12+00:00\",\"dateModified\":\"2023-04-08T17:02:15+00:00\",\"inLanguage\":\"de\",\"potentialAction\":[{\"@type\":\"ReadAction\",\"target\":[\"https:\/\/xn--shop-fr-vegane-und-vegetarische-kost-j0d.de\/?product=biozentrale-aufstrich-mango-aprikose-135-g-veganer-brotaufstrich-mit-kichererbsen-und-kurkuma-fuers-brot-in-joghurt-oder-muesli-alternative-zu-marmelade\"]}]}]}<\/script>\n<!-- \/ Yoast SEO Premium plugin. -->","_links":{"self":[{"href":"https:\/\/xn--shop-fr-vegane-und-vegetarische-kost-j0d.de\/index.php?rest_route=\/wp\/v2\/product\/11620"}],"collection":[{"href":"https:\/\/xn--shop-fr-vegane-und-vegetarische-kost-j0d.de\/index.php?rest_route=\/wp\/v2\/product"}],"about":[{"href":"https:\/\/xn--shop-fr-vegane-und-vegetarische-kost-j0d.de\/index.php?rest_route=\/wp\/v2\/types\/product"}],"replies":[{"embeddable":true,"href":"https:\/\/xn--shop-fr-vegane-und-vegetarische-kost-j0d.de\/index.php?rest_route=%2Fwp%2Fv2%2Fcomments&post=11620"}],"wp:featuredmedia":[{"embeddable":true,"href":"https:\/\/xn--shop-fr-vegane-und-vegetarische-kost-j0d.de\/index.php?rest_route=\/wp\/v2\/media\/11621"}],"wp:attachment":[{"href":"https:\/\/xn--shop-fr-vegane-und-vegetarische-kost-j0d.de\/index.php?rest_route=%2Fwp%2Fv2%2Fmedia&parent=11620"}],"wp:term":[{"taxonomy":"product_cat","embeddable":true,"href":"https:\/\/xn--shop-fr-vegane-und-vegetarische-kost-j0d.de\/index.php?rest_route=%2Fwp%2Fv2%2Fproduct_cat&post=11620"},{"taxonomy":"product_tag","embeddable":true,"href":"https:\/\/xn--shop-fr-vegane-und-vegetarische-kost-j0d.de\/index.php?rest_route=%2Fwp%2Fv2%2Fproduct_tag&post=11620"}],"curies":[{"name":"wp","href":"https:\/\/api.w.org\/{rel}","templated":true}]}}