{"id":11499,"date":"2020-12-30T23:55:14","date_gmt":"2020-12-30T23:55:14","guid":{"rendered":"https:\/\/xn--shop-fr-vegane-und-vegetarische-kost-j0d.de\/?product=sahnesteif-3x6g-biovegan"},"modified":"2023-04-08T19:02:13","modified_gmt":"2023-04-08T17:02:13","slug":"sahnesteif-3x6g-biovegan","status":"publish","type":"product","link":"https:\/\/xn--shop-fr-vegane-und-vegetarische-kost-j0d.de\/?product=sahnesteif-3x6g-biovegan","title":{"rendered":"Sahnesteif"},"content":{"rendered":"<p><!-- show up to 2 reviews by default --> <\/p>\n<h3>Produktbeschreibungen<\/h3>\n<p>Sahnetorten, Eiskreationen oder einfach nur Sahne die n\u00f6tige Festigkeit verleihen: BIOVEGAN Sahnesteif ist die ideale Wahl.<\/p>\n<p> Du f\u00fcgst noch hinzu:<br \/> &#8211; 200-250 ml kalte aufschlagbare Pflanzencreme oder kalte Sahne<\/p>\n<p> Zubereitung:<br \/> Die Fl\u00fcssigkeit kurz durchschlagen, Beutelinhalt einstreuen und weiter schlagen bis die gew\u00fcnschte Festigkeit erreicht ist. Anschlie\u00dfend bis zum Verzehr kalt stellen.<\/p>\n<p> Tipp:<br \/> BIOVEGAN Sahnesteif auf den Tortenboden streuen, damit er nicht durchweicht.<br \/> Sahne oder Sahnetorten mit BIOVEGAN Sahnesteif zubereitet k\u00f6nnen eingefroren und wieder aufgetaut werden, ohne dass Konsistenz oder Geschmack verloren gehen. <\/p>\n<h3>Inhaltsstoffe \/ Zutaten<\/h3>\n<p>Maisst\u00e4rke*, Kartoffelst\u00e4rke*, Puderzucker* (97 % Rohrohrzucker*, Tapiokast\u00e4rke*). *aus kontrolliert biologischem Anbau <\/p>\n<div data-a-expander-name=\"toggle_description\" class=\"a-row a-expander-container a-expander-extend-container\">\n<div class=\"a-expander-content a-expander-extend-content\">\n<h3>Gebrauchsanweisung<\/h3>\n<p>Die Fl\u00fcssigkeit kurz durchschlagen, Beutelinhalt einstreuen und weiter schlagen bis die gew\u00fcnschte Festigkeit erreicht ist. Anschlie\u00dfend bis zum Verzehr kalt stellen. <\/p>\n<\/p><\/div>\n<p> <a href=\"void(0)\" data-action=\"a-expander-toggle\" class=\"a-expander-header a-declarative a-expander-extend-header\" data-a-expander-toggle=\"{\"><i class=\"a-icon a-icon-extender-expand\"><\/i><span class=\"a-expander-prompt\">Mehr<\/span><\/a> <\/div>\n<p>Sahnetorten, Eiskreationen oder einfach nur Sahne die n\u00f6tige Festigkeit verleihen mit Biovegan Sahnesteif<br \/>\nF\u00fcr 200-250 ml kalte aufschlagbare Pflanzencreme oder kalte Sahne<br \/>\nTipp: direkt aus den Tortenboden streuen, damit er nicht durchweicht<br \/>\nGlutenfrei, Lactosefrei, Vegan und Vegetarisch<br \/>\n<div class=\"main-cross-sell\" data-asin=\"B08869M37F\">\n\n\t<div class=\"WooZone-cross-sell-loader\">\n\t\t<div>\n\t\t\t<div id=\"floatingBarsG\">\n\t\t\t\t<div class=\"blockG\" id=\"rotateG_01\"><\/div>\n\t\t\t\t<div class=\"blockG\" id=\"rotateG_02\"><\/div>\n\t\t\t\t<div class=\"blockG\" id=\"rotateG_03\"><\/div>\n\t\t\t\t<div class=\"blockG\" id=\"rotateG_04\"><\/div>\n\t\t\t\t<div class=\"blockG\" id=\"rotateG_05\"><\/div>\n\t\t\t\t<div class=\"blockG\" id=\"rotateG_06\"><\/div>\n\t\t\t\t<div class=\"blockG\" id=\"rotateG_07\"><\/div>\n\t\t\t\t<div class=\"blockG\" id=\"rotateG_08\"><\/div>\n\t\t\t<\/div>\n\t\t\t<div class=\"WooZone-cross-sell-loader-text\"><\/div>\n\t\t<\/div>\n\t<\/div>\n\n\t\t\n<\/div>\n<div style=\"clear:both;\"><\/div>\n","protected":false},"excerpt":{"rendered":"<p>Sahnetorten, Eiskreationen oder einfach nur Sahne die n\u00f6tige Festigkeit verleihen mit Biovegan Sahnesteif<br \/>\nF\u00fcr 200-250 ml kalte aufschlagbare Pflanzencreme oder kalte Sahne<br \/>\nTipp: direkt aus den Tortenboden streuen, damit er nicht durchweicht<\/p>\n","protected":false},"featured_media":11500,"comment_status":"open","ping_status":"closed","template":"","meta":[],"product_cat":[4146,136],"product_tag":[],"yoast_head":"<!-- This site is optimized with the Yoast SEO Premium plugin v15.4 - https:\/\/yoast.com\/wordpress\/plugins\/seo\/ -->\n<title>Sahnesteif - Vegan oder Vegetarisch<\/title>\n<meta name=\"robots\" content=\"index, follow, max-snippet:-1, max-image-preview:large, max-video-preview:-1\" \/>\n<link rel=\"canonical\" href=\"https:\/\/xn--shop-fr-vegane-und-vegetarische-kost-j0d.de\/?product=sahnesteif-3x6g-biovegan\" \/>\n<meta property=\"og:locale\" content=\"de_DE\" \/>\n<meta property=\"og:type\" content=\"article\" \/>\n<meta property=\"og:title\" content=\"Sahnesteif - Vegan oder Vegetarisch\" \/>\n<meta property=\"og:description\" content=\"Sahnetorten, Eiskreationen oder einfach nur Sahne die n\u00f6tige Festigkeit verleihen mit Biovegan Sahnesteif F\u00fcr 200-250 ml kalte aufschlagbare Pflanzencreme oder kalte Sahne Tipp: direkt aus den Tortenboden streuen, damit er nicht durchweicht\" \/>\n<meta property=\"og:url\" content=\"https:\/\/xn--shop-fr-vegane-und-vegetarische-kost-j0d.de\/?product=sahnesteif-3x6g-biovegan\" \/>\n<meta property=\"og:site_name\" content=\"Vegan oder Vegetarisch\" \/>\n<meta property=\"article:modified_time\" content=\"2023-04-08T17:02:13+00:00\" \/>\n<meta property=\"og:image\" content=\"https:\/\/images-na.ssl-images-amazon.com\/images\/I\/51Q-GlMSDbL.jpg\" \/>\n\t<meta property=\"og:image:width\" content=\"500\" \/>\n\t<meta property=\"og:image:height\" content=\"500\" \/>\n<meta name=\"twitter:card\" content=\"summary_large_image\" \/>\n<meta name=\"twitter:label1\" content=\"Verfasst von\">\n\t<meta name=\"twitter:data1\" content=\"Swen-Olaf Bender\">\n\t<meta name=\"twitter:label2\" content=\"Gesch\u00e4tzte Lesezeit\">\n\t<meta name=\"twitter:data2\" content=\"1\u00a0Minute\">\n<script type=\"application\/ld+json\" class=\"yoast-schema-graph\">{\"@context\":\"https:\/\/schema.org\",\"@graph\":[{\"@type\":\"WebSite\",\"@id\":\"https:\/\/xn--shop-fr-vegane-und-vegetarische-kost-j0d.de\/#website\",\"url\":\"https:\/\/xn--shop-fr-vegane-und-vegetarische-kost-j0d.de\/\",\"name\":\"Vegan oder Vegetarisch\",\"description\":\"Gesund leben, Gesund essen\",\"potentialAction\":[{\"@type\":\"SearchAction\",\"target\":\"https:\/\/xn--shop-fr-vegane-und-vegetarische-kost-j0d.de\/?s={search_term_string}\",\"query-input\":\"required name=search_term_string\"}],\"inLanguage\":\"de\"},{\"@type\":\"ImageObject\",\"@id\":\"https:\/\/xn--shop-fr-vegane-und-vegetarische-kost-j0d.de\/?product=sahnesteif-3x6g-biovegan#primaryimage\",\"inLanguage\":\"de\",\"url\":\"https:\/\/images-na.ssl-images-amazon.com\/images\/I\/51Q-GlMSDbL.jpg\",\"width\":500,\"height\":500},{\"@type\":\"WebPage\",\"@id\":\"https:\/\/xn--shop-fr-vegane-und-vegetarische-kost-j0d.de\/?product=sahnesteif-3x6g-biovegan#webpage\",\"url\":\"https:\/\/xn--shop-fr-vegane-und-vegetarische-kost-j0d.de\/?product=sahnesteif-3x6g-biovegan\",\"name\":\"Sahnesteif - Vegan oder Vegetarisch\",\"isPartOf\":{\"@id\":\"https:\/\/xn--shop-fr-vegane-und-vegetarische-kost-j0d.de\/#website\"},\"primaryImageOfPage\":{\"@id\":\"https:\/\/xn--shop-fr-vegane-und-vegetarische-kost-j0d.de\/?product=sahnesteif-3x6g-biovegan#primaryimage\"},\"datePublished\":\"2020-12-30T23:55:14+00:00\",\"dateModified\":\"2023-04-08T17:02:13+00:00\",\"inLanguage\":\"de\",\"potentialAction\":[{\"@type\":\"ReadAction\",\"target\":[\"https:\/\/xn--shop-fr-vegane-und-vegetarische-kost-j0d.de\/?product=sahnesteif-3x6g-biovegan\"]}]}]}<\/script>\n<!-- \/ Yoast SEO Premium plugin. -->","_links":{"self":[{"href":"https:\/\/xn--shop-fr-vegane-und-vegetarische-kost-j0d.de\/index.php?rest_route=\/wp\/v2\/product\/11499"}],"collection":[{"href":"https:\/\/xn--shop-fr-vegane-und-vegetarische-kost-j0d.de\/index.php?rest_route=\/wp\/v2\/product"}],"about":[{"href":"https:\/\/xn--shop-fr-vegane-und-vegetarische-kost-j0d.de\/index.php?rest_route=\/wp\/v2\/types\/product"}],"replies":[{"embeddable":true,"href":"https:\/\/xn--shop-fr-vegane-und-vegetarische-kost-j0d.de\/index.php?rest_route=%2Fwp%2Fv2%2Fcomments&post=11499"}],"wp:featuredmedia":[{"embeddable":true,"href":"https:\/\/xn--shop-fr-vegane-und-vegetarische-kost-j0d.de\/index.php?rest_route=\/wp\/v2\/media\/11500"}],"wp:attachment":[{"href":"https:\/\/xn--shop-fr-vegane-und-vegetarische-kost-j0d.de\/index.php?rest_route=%2Fwp%2Fv2%2Fmedia&parent=11499"}],"wp:term":[{"taxonomy":"product_cat","embeddable":true,"href":"https:\/\/xn--shop-fr-vegane-und-vegetarische-kost-j0d.de\/index.php?rest_route=%2Fwp%2Fv2%2Fproduct_cat&post=11499"},{"taxonomy":"product_tag","embeddable":true,"href":"https:\/\/xn--shop-fr-vegane-und-vegetarische-kost-j0d.de\/index.php?rest_route=%2Fwp%2Fv2%2Fproduct_tag&post=11499"}],"curies":[{"name":"wp","href":"https:\/\/api.w.org\/{rel}","templated":true}]}}