{"id":11410,"date":"2020-12-30T23:50:08","date_gmt":"2020-12-30T23:50:08","guid":{"rendered":"https:\/\/xn--shop-fr-vegane-und-vegetarische-kost-j0d.de\/?product=bauckhof-bio-wunderbrd-glutenfrei-bio-2-x-600-gr"},"modified":"2023-04-08T19:02:12","modified_gmt":"2023-04-08T17:02:12","slug":"bauckhof-bio-wunderbrd-glutenfrei-bio-2-x-600-gr","status":"publish","type":"product","link":"https:\/\/xn--shop-fr-vegane-und-vegetarische-kost-j0d.de\/?product=bauckhof-bio-wunderbrd-glutenfrei-bio-2-x-600-gr","title":{"rendered":"Bauckhof Wunderbrd glutenfrei Bio (2 x 600 gr)"},"content":{"rendered":"<p><!-- show up to 2 reviews by default --> <\/p>\n<h3>Produktbeschreibungen<\/h3>\n<\/p>\n<ul>\n<li>Bauckhof ? Wunderbrod nach norwegischer Art: Die kernige Brotrezeptur basiert auf den positiven Erfahrungen der norwegischen Abenteurer und Skifahrer mit Hafer. <\/li>\n<li>In Zusammenarbeit mit Spitzensportlern wurde das Bio-Hafervollkornbrot ohne Mehl und ohne Hefe entwickelt. <\/li>\n<li>Es ist kontrolliert glutenfrei. Jede Charge wird direkt nach der Herstellung in den Bauckhof-Laboren auf Glutenfreiheit analysiert. <\/li>\n<li>Backmischung f\u00fcr Life-Changing Wunderbrod. Ergibt ca. 980 g Brot. Gentechnikfrei, ohne Aroma, ohne synthetische Farbstoffe, ohne synthetische Konservierung, ohne Wei\u00dfzucker, rein pflanzlich, unges\u00fc\u00dft, glutenfrei. <\/li>\n<li>Original norwegische Zubereitung auf dem Backblech: ein sehr saftiges, leckeres Brot. Kein Kn\u00e4ckebrot! <\/li>\n<\/ul>\n<h3>Inhaltsstoffe \/ Zutaten<\/h3>\n<p>Zutaten: HAFERvollkornflocken* glutenfrei, K\u00fcrbiskerne*, Sonnenblumenkerne*, geschrotete Leinsaat*, SESAM*, Leinsaat*, Chiasamen 3% (Salvia hispanica)*, Hirsevollkornflocken*, gemahlene Flohsamenschalen*, Meersalz <br \/>* = Zutaten aus \u00f6kol. Landbau <\/p>\n<div data-a-expander-name=\"toggle_description\" class=\"a-row a-expander-container a-expander-extend-container\">\n<div class=\"a-expander-content a-expander-extend-content\">\n<h3>Anschrift Hersteller\/Importeur<\/h3>\n<p>Bauck GmbH, Duhenweitz 4, D-29571 Rosche <\/p>\n<\/p><\/div>\n<p> <a href=\"void(0)\" data-action=\"a-expander-toggle\" class=\"a-expander-header a-declarative a-expander-extend-header\" data-a-expander-toggle=\"{\"><i class=\"a-icon a-icon-extender-expand\"><\/i><span class=\"a-expander-prompt\">Mehr<\/span><\/a> <\/div>\n<p>Bauckhof ? Wunderbrod nach norwegischer Art: Die kernige Brotrezeptur basiert auf den positiven Erfahrungen der norwegischen Abenteurer und Skifahrer mit Hafer.<br \/>\nIn Zusammenarbeit mit Spitzensportlern wurde das Bio-Hafervollkornbrot ohne Mehl und ohne Hefe entwickelt.<br \/>\nEs ist kontrolliert glutenfrei. Jede Charge wird direkt nach der Herstellung in den Bauckhof-Laboren auf Glutenfreiheit analysiert.<br \/>\nBackmischung f\u00fcr Life-Changing Wunderbrod. Ergibt ca. 980 g Brot. Gentechnikfrei, ohne Aroma, ohne synthetische Farbstoffe, ohne synthetische Konservierung, ohne Wei\u00dfzucker, rein pflanzlich, unges\u00fc\u00dft, glutenfrei.<br \/>\nOriginal norwegische Zubereitung auf dem Backblech: ein sehr saftiges, leckeres Brot. Kein Kn\u00e4ckebrot!<br \/>\n<div class=\"main-cross-sell\" data-asin=\"B076P9D1L1\">\n\n\t<div class=\"WooZone-cross-sell-loader\">\n\t\t<div>\n\t\t\t<div id=\"floatingBarsG\">\n\t\t\t\t<div class=\"blockG\" id=\"rotateG_01\"><\/div>\n\t\t\t\t<div class=\"blockG\" id=\"rotateG_02\"><\/div>\n\t\t\t\t<div class=\"blockG\" id=\"rotateG_03\"><\/div>\n\t\t\t\t<div class=\"blockG\" id=\"rotateG_04\"><\/div>\n\t\t\t\t<div class=\"blockG\" id=\"rotateG_05\"><\/div>\n\t\t\t\t<div class=\"blockG\" id=\"rotateG_06\"><\/div>\n\t\t\t\t<div class=\"blockG\" id=\"rotateG_07\"><\/div>\n\t\t\t\t<div class=\"blockG\" id=\"rotateG_08\"><\/div>\n\t\t\t<\/div>\n\t\t\t<div class=\"WooZone-cross-sell-loader-text\"><\/div>\n\t\t<\/div>\n\t<\/div>\n\n\t\t\n<\/div>\n<div style=\"clear:both;\"><\/div>\n","protected":false},"excerpt":{"rendered":"<p>Bauckhof ? Wunderbrod nach norwegischer Art: Die kernige Brotrezeptur basiert auf den positiven Erfahrungen der norwegischen Abenteurer und Skifahrer mit Hafer.<br \/>\nIn Zusammenarbeit mit Spitzensportlern wurde das Bio-Hafervollkornbrot ohne Mehl und ohne Hefe entwickelt.<br \/>\nEs ist kontrolliert glutenfrei. Jede Charge wird direkt nach der Herstellung in den Bauckhof-Laboren auf Glutenfreiheit analysiert.<\/p>\n","protected":false},"featured_media":11411,"comment_status":"open","ping_status":"closed","template":"","meta":[],"product_cat":[4146,132],"product_tag":[],"yoast_head":"<!-- This site is optimized with the Yoast SEO Premium plugin v15.4 - https:\/\/yoast.com\/wordpress\/plugins\/seo\/ -->\n<title>Bauckhof Wunderbrd glutenfrei Bio (2 x 600 gr) - Vegan oder Vegetarisch<\/title>\n<meta name=\"robots\" content=\"index, follow, max-snippet:-1, max-image-preview:large, max-video-preview:-1\" \/>\n<link rel=\"canonical\" href=\"https:\/\/xn--shop-fr-vegane-und-vegetarische-kost-j0d.de\/?product=bauckhof-bio-wunderbrd-glutenfrei-bio-2-x-600-gr\" \/>\n<meta property=\"og:locale\" content=\"de_DE\" \/>\n<meta property=\"og:type\" content=\"article\" \/>\n<meta property=\"og:title\" content=\"Bauckhof Wunderbrd glutenfrei Bio (2 x 600 gr) - Vegan oder Vegetarisch\" \/>\n<meta property=\"og:description\" content=\"Bauckhof ? Wunderbrod nach norwegischer Art: Die kernige Brotrezeptur basiert auf den positiven Erfahrungen der norwegischen Abenteurer und Skifahrer mit Hafer. In Zusammenarbeit mit Spitzensportlern wurde das Bio-Hafervollkornbrot ohne Mehl und ohne Hefe entwickelt. Es ist kontrolliert glutenfrei. Jede Charge wird direkt nach der Herstellung in den Bauckhof-Laboren auf Glutenfreiheit analysiert.\" \/>\n<meta property=\"og:url\" content=\"https:\/\/xn--shop-fr-vegane-und-vegetarische-kost-j0d.de\/?product=bauckhof-bio-wunderbrd-glutenfrei-bio-2-x-600-gr\" \/>\n<meta property=\"og:site_name\" content=\"Vegan oder Vegetarisch\" \/>\n<meta property=\"article:modified_time\" content=\"2023-04-08T17:02:12+00:00\" \/>\n<meta property=\"og:image\" content=\"https:\/\/images-na.ssl-images-amazon.com\/images\/I\/51oE8jzcDHL.jpg\" \/>\n\t<meta property=\"og:image:width\" content=\"500\" \/>\n\t<meta property=\"og:image:height\" content=\"500\" \/>\n<meta name=\"twitter:card\" content=\"summary_large_image\" \/>\n<meta name=\"twitter:label1\" content=\"Verfasst von\">\n\t<meta name=\"twitter:data1\" content=\"Swen-Olaf Bender\">\n\t<meta name=\"twitter:label2\" content=\"Gesch\u00e4tzte Lesezeit\">\n\t<meta name=\"twitter:data2\" content=\"1\u00a0Minute\">\n<script type=\"application\/ld+json\" class=\"yoast-schema-graph\">{\"@context\":\"https:\/\/schema.org\",\"@graph\":[{\"@type\":\"WebSite\",\"@id\":\"https:\/\/xn--shop-fr-vegane-und-vegetarische-kost-j0d.de\/#website\",\"url\":\"https:\/\/xn--shop-fr-vegane-und-vegetarische-kost-j0d.de\/\",\"name\":\"Vegan oder Vegetarisch\",\"description\":\"Gesund leben, Gesund essen\",\"potentialAction\":[{\"@type\":\"SearchAction\",\"target\":\"https:\/\/xn--shop-fr-vegane-und-vegetarische-kost-j0d.de\/?s={search_term_string}\",\"query-input\":\"required name=search_term_string\"}],\"inLanguage\":\"de\"},{\"@type\":\"ImageObject\",\"@id\":\"https:\/\/xn--shop-fr-vegane-und-vegetarische-kost-j0d.de\/?product=bauckhof-bio-wunderbrd-glutenfrei-bio-2-x-600-gr#primaryimage\",\"inLanguage\":\"de\",\"url\":\"https:\/\/images-na.ssl-images-amazon.com\/images\/I\/51oE8jzcDHL.jpg\",\"width\":500,\"height\":500},{\"@type\":\"WebPage\",\"@id\":\"https:\/\/xn--shop-fr-vegane-und-vegetarische-kost-j0d.de\/?product=bauckhof-bio-wunderbrd-glutenfrei-bio-2-x-600-gr#webpage\",\"url\":\"https:\/\/xn--shop-fr-vegane-und-vegetarische-kost-j0d.de\/?product=bauckhof-bio-wunderbrd-glutenfrei-bio-2-x-600-gr\",\"name\":\"Bauckhof Wunderbrd glutenfrei Bio (2 x 600 gr) - Vegan oder Vegetarisch\",\"isPartOf\":{\"@id\":\"https:\/\/xn--shop-fr-vegane-und-vegetarische-kost-j0d.de\/#website\"},\"primaryImageOfPage\":{\"@id\":\"https:\/\/xn--shop-fr-vegane-und-vegetarische-kost-j0d.de\/?product=bauckhof-bio-wunderbrd-glutenfrei-bio-2-x-600-gr#primaryimage\"},\"datePublished\":\"2020-12-30T23:50:08+00:00\",\"dateModified\":\"2023-04-08T17:02:12+00:00\",\"inLanguage\":\"de\",\"potentialAction\":[{\"@type\":\"ReadAction\",\"target\":[\"https:\/\/xn--shop-fr-vegane-und-vegetarische-kost-j0d.de\/?product=bauckhof-bio-wunderbrd-glutenfrei-bio-2-x-600-gr\"]}]}]}<\/script>\n<!-- \/ Yoast SEO Premium plugin. -->","_links":{"self":[{"href":"https:\/\/xn--shop-fr-vegane-und-vegetarische-kost-j0d.de\/index.php?rest_route=\/wp\/v2\/product\/11410"}],"collection":[{"href":"https:\/\/xn--shop-fr-vegane-und-vegetarische-kost-j0d.de\/index.php?rest_route=\/wp\/v2\/product"}],"about":[{"href":"https:\/\/xn--shop-fr-vegane-und-vegetarische-kost-j0d.de\/index.php?rest_route=\/wp\/v2\/types\/product"}],"replies":[{"embeddable":true,"href":"https:\/\/xn--shop-fr-vegane-und-vegetarische-kost-j0d.de\/index.php?rest_route=%2Fwp%2Fv2%2Fcomments&post=11410"}],"wp:featuredmedia":[{"embeddable":true,"href":"https:\/\/xn--shop-fr-vegane-und-vegetarische-kost-j0d.de\/index.php?rest_route=\/wp\/v2\/media\/11411"}],"wp:attachment":[{"href":"https:\/\/xn--shop-fr-vegane-und-vegetarische-kost-j0d.de\/index.php?rest_route=%2Fwp%2Fv2%2Fmedia&parent=11410"}],"wp:term":[{"taxonomy":"product_cat","embeddable":true,"href":"https:\/\/xn--shop-fr-vegane-und-vegetarische-kost-j0d.de\/index.php?rest_route=%2Fwp%2Fv2%2Fproduct_cat&post=11410"},{"taxonomy":"product_tag","embeddable":true,"href":"https:\/\/xn--shop-fr-vegane-und-vegetarische-kost-j0d.de\/index.php?rest_route=%2Fwp%2Fv2%2Fproduct_tag&post=11410"}],"curies":[{"name":"wp","href":"https:\/\/api.w.org\/{rel}","templated":true}]}}