{"id":11388,"date":"2020-12-30T23:49:59","date_gmt":"2020-12-30T23:49:59","guid":{"rendered":"https:\/\/xn--shop-fr-vegane-und-vegetarische-kost-j0d.de\/?product=bauckhof-gemuese-burger-demeter-6er-pack-6-x-160-g"},"modified":"2023-04-07T18:52:58","modified_gmt":"2023-04-07T16:52:58","slug":"bauckhof-gemuese-burger-demeter-6er-pack-6-x-160-g","status":"publish","type":"product","link":"https:\/\/xn--shop-fr-vegane-und-vegetarische-kost-j0d.de\/?product=bauckhof-gemuese-burger-demeter-6er-pack-6-x-160-g","title":{"rendered":"Bauckhof Gem\u00fcse-Burger Demeter, 6er Pack (6 x 160 g)"},"content":{"rendered":"<p><!-- show up to 2 reviews by default --> <\/p>\n<h3>Inhaltsstoffe \/ Zutaten<\/h3>\n<p>Zutaten: ger\u00f6stete GERSTENVOLLKORNGR\u00dcTZE**33%, ger\u00f6stetes GERSTENVOLLKORNMEHL**25%, HAFERVOLLKORNFLOCKEN**, Gem\u00fcse* 11% (Lauch*, Karotten*, Pastinaken*, Zwiebeln*), Steinsalz, HAFERKLEIE*, Reismehl*, Petersilie*, Curcuma*, Oliven\u00f6l* *aus kontrolliert-biologischem Anbau **aus biologisch-dynamischem Anbau (81%) <\/p>\n<h3>Gebrauchsanweisung<\/h3>\n<p>In einer Pfanne in hei\u00dfem Fett goldbraun braten. <\/p>\n<div data-a-expander-name=\"toggle_description\" class=\"a-row a-expander-container a-expander-extend-container\">\n<div class=\"a-expander-content a-expander-extend-content\">\n<h3>Warnhinweise<\/h3>\n<p>Dieses Produkt kann produktionstechnisch Spuren von anderen glutenhaltigen Getreidearten, N\u00fcssen, Sesam oder Sellerie enthalten. <\/p>\n<h3>Anschrift Hersteller\/Importeur<\/h3>\n<p>Duhenweitz 4 D-29571 Rosche <\/p>\n<\/p><\/div>\n<p> <a href=\"void(0)\" data-action=\"a-expander-toggle\" class=\"a-expander-header a-declarative a-expander-extend-header\" data-a-expander-toggle=\"{\"><i class=\"a-icon a-icon-extender-expand\"><\/i><span class=\"a-expander-prompt\">Mehr<\/span><\/a> <\/div>\n<p>Bek\u00f6mmliche Getreide Burger Mischung ohne Weizen<br \/>\nDie Gerste wird im Steinofen ger\u00f6stet und erst dann mit den anderen Zutaten in unserem Hause gemischt und sorgsam abgepackt.<br \/>\nEinfach nur kochendes Wasser dazugeben, kurz quellen lassen und 12 kleine oder 6 gro\u00dfe Burger formen und braten. Sie k\u00f6nnen die Mischung auch als Basis f\u00fcr F\u00fcllungen, Suppen oder Aufl\u00e4ufe nehmen.<br \/>\nGentechnikfrei, ohne Aroma, ohne synthetische Farbstoffe, ohne synthetische Konservierung, ohne Wei\u00dfzucker, rein pflanzlich, unges\u00fc\u00dft, glutenfrei<br \/>\nOhne Verwendung von genmodifizierten Organismen oder genmodifizierten Rohmaterialien, ohne Verwendung von Konservierungsstoffen und Zus\u00e4tzen.<br \/>\n<div class=\"main-cross-sell\" data-asin=\"B00SYH2M0M\">\n\n\t<div class=\"WooZone-cross-sell-loader\">\n\t\t<div>\n\t\t\t<div id=\"floatingBarsG\">\n\t\t\t\t<div class=\"blockG\" id=\"rotateG_01\"><\/div>\n\t\t\t\t<div class=\"blockG\" id=\"rotateG_02\"><\/div>\n\t\t\t\t<div class=\"blockG\" id=\"rotateG_03\"><\/div>\n\t\t\t\t<div class=\"blockG\" id=\"rotateG_04\"><\/div>\n\t\t\t\t<div class=\"blockG\" id=\"rotateG_05\"><\/div>\n\t\t\t\t<div class=\"blockG\" id=\"rotateG_06\"><\/div>\n\t\t\t\t<div class=\"blockG\" id=\"rotateG_07\"><\/div>\n\t\t\t\t<div class=\"blockG\" id=\"rotateG_08\"><\/div>\n\t\t\t<\/div>\n\t\t\t<div class=\"WooZone-cross-sell-loader-text\"><\/div>\n\t\t<\/div>\n\t<\/div>\n\n\t\t\n<\/div>\n<div style=\"clear:both;\"><\/div>\n","protected":false},"excerpt":{"rendered":"<p>Bek\u00f6mmliche Getreide Burger Mischung ohne Weizen<br \/>\nDie Gerste wird im Steinofen ger\u00f6stet und erst dann mit den anderen Zutaten in unserem Hause gemischt und sorgsam abgepackt.<br \/>\nEinfach nur kochendes Wasser dazugeben, kurz quellen lassen und 12 kleine oder 6 gro\u00dfe Burger formen und braten. Sie k\u00f6nnen die Mischung auch als Basis f\u00fcr F\u00fcllungen, Suppen oder Aufl\u00e4ufe nehmen.<\/p>\n","protected":false},"featured_media":11389,"comment_status":"open","ping_status":"closed","template":"","meta":[],"product_cat":[4146,132],"product_tag":[],"yoast_head":"<!-- This site is optimized with the Yoast SEO Premium plugin v15.4 - https:\/\/yoast.com\/wordpress\/plugins\/seo\/ -->\n<title>Bauckhof Gem\u00fcse-Burger Demeter, 6er Pack (6 x 160 g) - Vegan oder Vegetarisch<\/title>\n<meta name=\"robots\" content=\"index, follow, max-snippet:-1, max-image-preview:large, max-video-preview:-1\" \/>\n<link rel=\"canonical\" href=\"https:\/\/xn--shop-fr-vegane-und-vegetarische-kost-j0d.de\/?product=bauckhof-gemuese-burger-demeter-6er-pack-6-x-160-g\" \/>\n<meta property=\"og:locale\" content=\"de_DE\" \/>\n<meta property=\"og:type\" content=\"article\" \/>\n<meta property=\"og:title\" content=\"Bauckhof Gem\u00fcse-Burger Demeter, 6er Pack (6 x 160 g) - Vegan oder Vegetarisch\" \/>\n<meta property=\"og:description\" content=\"Bek\u00f6mmliche Getreide Burger Mischung ohne Weizen Die Gerste wird im Steinofen ger\u00f6stet und erst dann mit den anderen Zutaten in unserem Hause gemischt und sorgsam abgepackt. Einfach nur kochendes Wasser dazugeben, kurz quellen lassen und 12 kleine oder 6 gro\u00dfe Burger formen und braten. Sie k\u00f6nnen die Mischung auch als Basis f\u00fcr F\u00fcllungen, Suppen oder Aufl\u00e4ufe nehmen.\" \/>\n<meta property=\"og:url\" content=\"https:\/\/xn--shop-fr-vegane-und-vegetarische-kost-j0d.de\/?product=bauckhof-gemuese-burger-demeter-6er-pack-6-x-160-g\" \/>\n<meta property=\"og:site_name\" content=\"Vegan oder Vegetarisch\" \/>\n<meta property=\"article:modified_time\" content=\"2023-04-07T16:52:58+00:00\" \/>\n<meta property=\"og:image\" content=\"https:\/\/images-na.ssl-images-amazon.com\/images\/I\/416Uu2V91XL.jpg\" \/>\n\t<meta property=\"og:image:width\" content=\"500\" \/>\n\t<meta property=\"og:image:height\" content=\"500\" \/>\n<meta name=\"twitter:card\" content=\"summary_large_image\" \/>\n<meta name=\"twitter:label1\" content=\"Verfasst von\">\n\t<meta name=\"twitter:data1\" content=\"Swen-Olaf Bender\">\n\t<meta name=\"twitter:label2\" content=\"Gesch\u00e4tzte Lesezeit\">\n\t<meta name=\"twitter:data2\" content=\"1\u00a0Minute\">\n<script type=\"application\/ld+json\" class=\"yoast-schema-graph\">{\"@context\":\"https:\/\/schema.org\",\"@graph\":[{\"@type\":\"WebSite\",\"@id\":\"https:\/\/xn--shop-fr-vegane-und-vegetarische-kost-j0d.de\/#website\",\"url\":\"https:\/\/xn--shop-fr-vegane-und-vegetarische-kost-j0d.de\/\",\"name\":\"Vegan oder Vegetarisch\",\"description\":\"Gesund leben, Gesund essen\",\"potentialAction\":[{\"@type\":\"SearchAction\",\"target\":\"https:\/\/xn--shop-fr-vegane-und-vegetarische-kost-j0d.de\/?s={search_term_string}\",\"query-input\":\"required name=search_term_string\"}],\"inLanguage\":\"de\"},{\"@type\":\"ImageObject\",\"@id\":\"https:\/\/xn--shop-fr-vegane-und-vegetarische-kost-j0d.de\/?product=bauckhof-gemuese-burger-demeter-6er-pack-6-x-160-g#primaryimage\",\"inLanguage\":\"de\",\"url\":\"https:\/\/images-na.ssl-images-amazon.com\/images\/I\/416Uu2V91XL.jpg\",\"width\":500,\"height\":500},{\"@type\":\"WebPage\",\"@id\":\"https:\/\/xn--shop-fr-vegane-und-vegetarische-kost-j0d.de\/?product=bauckhof-gemuese-burger-demeter-6er-pack-6-x-160-g#webpage\",\"url\":\"https:\/\/xn--shop-fr-vegane-und-vegetarische-kost-j0d.de\/?product=bauckhof-gemuese-burger-demeter-6er-pack-6-x-160-g\",\"name\":\"Bauckhof Gem\\u00fcse-Burger Demeter, 6er Pack (6 x 160 g) - Vegan oder Vegetarisch\",\"isPartOf\":{\"@id\":\"https:\/\/xn--shop-fr-vegane-und-vegetarische-kost-j0d.de\/#website\"},\"primaryImageOfPage\":{\"@id\":\"https:\/\/xn--shop-fr-vegane-und-vegetarische-kost-j0d.de\/?product=bauckhof-gemuese-burger-demeter-6er-pack-6-x-160-g#primaryimage\"},\"datePublished\":\"2020-12-30T23:49:59+00:00\",\"dateModified\":\"2023-04-07T16:52:58+00:00\",\"inLanguage\":\"de\",\"potentialAction\":[{\"@type\":\"ReadAction\",\"target\":[\"https:\/\/xn--shop-fr-vegane-und-vegetarische-kost-j0d.de\/?product=bauckhof-gemuese-burger-demeter-6er-pack-6-x-160-g\"]}]}]}<\/script>\n<!-- \/ Yoast SEO Premium plugin. -->","_links":{"self":[{"href":"https:\/\/xn--shop-fr-vegane-und-vegetarische-kost-j0d.de\/index.php?rest_route=\/wp\/v2\/product\/11388"}],"collection":[{"href":"https:\/\/xn--shop-fr-vegane-und-vegetarische-kost-j0d.de\/index.php?rest_route=\/wp\/v2\/product"}],"about":[{"href":"https:\/\/xn--shop-fr-vegane-und-vegetarische-kost-j0d.de\/index.php?rest_route=\/wp\/v2\/types\/product"}],"replies":[{"embeddable":true,"href":"https:\/\/xn--shop-fr-vegane-und-vegetarische-kost-j0d.de\/index.php?rest_route=%2Fwp%2Fv2%2Fcomments&post=11388"}],"wp:featuredmedia":[{"embeddable":true,"href":"https:\/\/xn--shop-fr-vegane-und-vegetarische-kost-j0d.de\/index.php?rest_route=\/wp\/v2\/media\/11389"}],"wp:attachment":[{"href":"https:\/\/xn--shop-fr-vegane-und-vegetarische-kost-j0d.de\/index.php?rest_route=%2Fwp%2Fv2%2Fmedia&parent=11388"}],"wp:term":[{"taxonomy":"product_cat","embeddable":true,"href":"https:\/\/xn--shop-fr-vegane-und-vegetarische-kost-j0d.de\/index.php?rest_route=%2Fwp%2Fv2%2Fproduct_cat&post=11388"},{"taxonomy":"product_tag","embeddable":true,"href":"https:\/\/xn--shop-fr-vegane-und-vegetarische-kost-j0d.de\/index.php?rest_route=%2Fwp%2Fv2%2Fproduct_tag&post=11388"}],"curies":[{"name":"wp","href":"https:\/\/api.w.org\/{rel}","templated":true}]}}