{"id":10835,"date":"2020-12-30T23:23:31","date_gmt":"2020-12-30T23:23:31","guid":{"rendered":"https:\/\/xn--shop-fr-vegane-und-vegetarische-kost-j0d.de\/?product=sweet-switch-yummy-gummy-gummibaerchen-mit-stevia-und-maltit-150g"},"modified":"2023-04-09T19:00:55","modified_gmt":"2023-04-09T17:00:55","slug":"sweet-switch-yummy-gummy-gummibaerchen-mit-stevia-und-maltit-150g","status":"publish","type":"product","link":"https:\/\/xn--shop-fr-vegane-und-vegetarische-kost-j0d.de\/?product=sweet-switch-yummy-gummy-gummibaerchen-mit-stevia-und-maltit-150g","title":{"rendered":"Sweet-Switch Yummy Gummy Gummib\u00e4rchen mit Stevia und Maltit, 150g"},"content":{"rendered":"<p><!-- show up to 2 reviews by default --> <\/p>\n<h3>Produktbeschreibungen<\/h3>\n<p>Zuckerfreie Gummib\u00e4ren vom belgischen Hersteller &#8222;Sweet-Switch&#8220; mit S\u00fc\u00dfungsmitteln (Maltit und Steviolglycoside). Eine T\u00fcte enth\u00e4lt 150 Gramm B\u00e4ren mit verschiedenen Farben und Fruchtaromas (Kirsche, Apfel, Zitrone, Mango).<\/p>\n<p>Hinweis: Kann bei \u00fcberm\u00e4\u00dfigem Verzehr abf\u00fchrend wirken. <\/p>\n<h3>Inhaltsstoffe \/ Zutaten<\/h3>\n<p>S\u00fc\u00dfungsmittel: Maltit, Geliermittel: Maisst\u00e4rke, Wasser, S\u00e4uerungsmittel: Zitronens\u00e4ure, nat\u00fcrliche Aromen (Kirsche, Apfel, Zitrone, Mango), f\u00e4rbende Pflanzenkonzentrate (schwarzer Karottensaft, Spirulina, Saflor), Farbe: Lutein, \u00dcberzugsmittel (Kokos\u00f6l, Raps\u00f6l, Carnaubawachs), S\u00fc\u00dfungsmittel: Steviolglycoside <\/p>\n<p>Gummib\u00e4rchen mit Stevia und Maltit<br \/>\nOhne Zusatz von Zucker<br \/>\nHergestellt in Belgien<br \/>\n<div class=\"main-cross-sell\" data-asin=\"B073XKZVDV\">\n\n\t<div class=\"WooZone-cross-sell-loader\">\n\t\t<div>\n\t\t\t<div id=\"floatingBarsG\">\n\t\t\t\t<div class=\"blockG\" id=\"rotateG_01\"><\/div>\n\t\t\t\t<div class=\"blockG\" id=\"rotateG_02\"><\/div>\n\t\t\t\t<div class=\"blockG\" id=\"rotateG_03\"><\/div>\n\t\t\t\t<div class=\"blockG\" id=\"rotateG_04\"><\/div>\n\t\t\t\t<div class=\"blockG\" id=\"rotateG_05\"><\/div>\n\t\t\t\t<div class=\"blockG\" id=\"rotateG_06\"><\/div>\n\t\t\t\t<div class=\"blockG\" id=\"rotateG_07\"><\/div>\n\t\t\t\t<div class=\"blockG\" id=\"rotateG_08\"><\/div>\n\t\t\t<\/div>\n\t\t\t<div class=\"WooZone-cross-sell-loader-text\"><\/div>\n\t\t<\/div>\n\t<\/div>\n\n\t\t\n<\/div>\n<div style=\"clear:both;\"><\/div>\n","protected":false},"excerpt":{"rendered":"<p>Gummib\u00e4rchen mit Stevia und Maltit<br \/>\nOhne Zusatz von Zucker<br \/>\nHergestellt in Belgien<\/p>\n","protected":false},"featured_media":10836,"comment_status":"open","ping_status":"closed","template":"","meta":[],"product_cat":[4145,130],"product_tag":[],"yoast_head":"<!-- This site is optimized with the Yoast SEO Premium plugin v15.4 - https:\/\/yoast.com\/wordpress\/plugins\/seo\/ -->\n<title>Sweet-Switch Yummy Gummy Gummib\u00e4rchen mit Stevia und Maltit, 150g - Vegan oder Vegetarisch<\/title>\n<meta name=\"robots\" content=\"index, follow, max-snippet:-1, max-image-preview:large, max-video-preview:-1\" \/>\n<link rel=\"canonical\" href=\"https:\/\/xn--shop-fr-vegane-und-vegetarische-kost-j0d.de\/?product=sweet-switch-yummy-gummy-gummibaerchen-mit-stevia-und-maltit-150g\" \/>\n<meta property=\"og:locale\" content=\"de_DE\" \/>\n<meta property=\"og:type\" content=\"article\" \/>\n<meta property=\"og:title\" content=\"Sweet-Switch Yummy Gummy Gummib\u00e4rchen mit Stevia und Maltit, 150g - Vegan oder Vegetarisch\" \/>\n<meta property=\"og:description\" content=\"Gummib\u00e4rchen mit Stevia und Maltit Ohne Zusatz von Zucker Hergestellt in Belgien\" \/>\n<meta property=\"og:url\" content=\"https:\/\/xn--shop-fr-vegane-und-vegetarische-kost-j0d.de\/?product=sweet-switch-yummy-gummy-gummibaerchen-mit-stevia-und-maltit-150g\" \/>\n<meta property=\"og:site_name\" content=\"Vegan oder Vegetarisch\" \/>\n<meta property=\"article:modified_time\" content=\"2023-04-09T17:00:55+00:00\" \/>\n<meta property=\"og:image\" content=\"https:\/\/images-na.ssl-images-amazon.com\/images\/I\/41j5SRIqfaL.jpg\" \/>\n\t<meta property=\"og:image:width\" content=\"500\" \/>\n\t<meta property=\"og:image:height\" content=\"500\" \/>\n<meta name=\"twitter:card\" content=\"summary_large_image\" \/>\n<meta name=\"twitter:label1\" content=\"Verfasst von\">\n\t<meta name=\"twitter:data1\" content=\"Swen-Olaf Bender\">\n\t<meta name=\"twitter:label2\" content=\"Gesch\u00e4tzte Lesezeit\">\n\t<meta name=\"twitter:data2\" content=\"0\u00a0Minuten\">\n<script type=\"application\/ld+json\" class=\"yoast-schema-graph\">{\"@context\":\"https:\/\/schema.org\",\"@graph\":[{\"@type\":\"WebSite\",\"@id\":\"https:\/\/xn--shop-fr-vegane-und-vegetarische-kost-j0d.de\/#website\",\"url\":\"https:\/\/xn--shop-fr-vegane-und-vegetarische-kost-j0d.de\/\",\"name\":\"Vegan oder Vegetarisch\",\"description\":\"Gesund leben, Gesund essen\",\"potentialAction\":[{\"@type\":\"SearchAction\",\"target\":\"https:\/\/xn--shop-fr-vegane-und-vegetarische-kost-j0d.de\/?s={search_term_string}\",\"query-input\":\"required name=search_term_string\"}],\"inLanguage\":\"de\"},{\"@type\":\"ImageObject\",\"@id\":\"https:\/\/xn--shop-fr-vegane-und-vegetarische-kost-j0d.de\/?product=sweet-switch-yummy-gummy-gummibaerchen-mit-stevia-und-maltit-150g#primaryimage\",\"inLanguage\":\"de\",\"url\":\"https:\/\/images-na.ssl-images-amazon.com\/images\/I\/41j5SRIqfaL.jpg\",\"width\":500,\"height\":500},{\"@type\":\"WebPage\",\"@id\":\"https:\/\/xn--shop-fr-vegane-und-vegetarische-kost-j0d.de\/?product=sweet-switch-yummy-gummy-gummibaerchen-mit-stevia-und-maltit-150g#webpage\",\"url\":\"https:\/\/xn--shop-fr-vegane-und-vegetarische-kost-j0d.de\/?product=sweet-switch-yummy-gummy-gummibaerchen-mit-stevia-und-maltit-150g\",\"name\":\"Sweet-Switch Yummy Gummy Gummib\\u00e4rchen mit Stevia und Maltit, 150g - Vegan oder Vegetarisch\",\"isPartOf\":{\"@id\":\"https:\/\/xn--shop-fr-vegane-und-vegetarische-kost-j0d.de\/#website\"},\"primaryImageOfPage\":{\"@id\":\"https:\/\/xn--shop-fr-vegane-und-vegetarische-kost-j0d.de\/?product=sweet-switch-yummy-gummy-gummibaerchen-mit-stevia-und-maltit-150g#primaryimage\"},\"datePublished\":\"2020-12-30T23:23:31+00:00\",\"dateModified\":\"2023-04-09T17:00:55+00:00\",\"inLanguage\":\"de\",\"potentialAction\":[{\"@type\":\"ReadAction\",\"target\":[\"https:\/\/xn--shop-fr-vegane-und-vegetarische-kost-j0d.de\/?product=sweet-switch-yummy-gummy-gummibaerchen-mit-stevia-und-maltit-150g\"]}]}]}<\/script>\n<!-- \/ Yoast SEO Premium plugin. -->","_links":{"self":[{"href":"https:\/\/xn--shop-fr-vegane-und-vegetarische-kost-j0d.de\/index.php?rest_route=\/wp\/v2\/product\/10835"}],"collection":[{"href":"https:\/\/xn--shop-fr-vegane-und-vegetarische-kost-j0d.de\/index.php?rest_route=\/wp\/v2\/product"}],"about":[{"href":"https:\/\/xn--shop-fr-vegane-und-vegetarische-kost-j0d.de\/index.php?rest_route=\/wp\/v2\/types\/product"}],"replies":[{"embeddable":true,"href":"https:\/\/xn--shop-fr-vegane-und-vegetarische-kost-j0d.de\/index.php?rest_route=%2Fwp%2Fv2%2Fcomments&post=10835"}],"wp:featuredmedia":[{"embeddable":true,"href":"https:\/\/xn--shop-fr-vegane-und-vegetarische-kost-j0d.de\/index.php?rest_route=\/wp\/v2\/media\/10836"}],"wp:attachment":[{"href":"https:\/\/xn--shop-fr-vegane-und-vegetarische-kost-j0d.de\/index.php?rest_route=%2Fwp%2Fv2%2Fmedia&parent=10835"}],"wp:term":[{"taxonomy":"product_cat","embeddable":true,"href":"https:\/\/xn--shop-fr-vegane-und-vegetarische-kost-j0d.de\/index.php?rest_route=%2Fwp%2Fv2%2Fproduct_cat&post=10835"},{"taxonomy":"product_tag","embeddable":true,"href":"https:\/\/xn--shop-fr-vegane-und-vegetarische-kost-j0d.de\/index.php?rest_route=%2Fwp%2Fv2%2Fproduct_tag&post=10835"}],"curies":[{"name":"wp","href":"https:\/\/api.w.org\/{rel}","templated":true}]}}