{"id":10584,"date":"2020-12-30T23:04:07","date_gmt":"2020-12-30T23:04:07","guid":{"rendered":"https:\/\/xn--shop-fr-vegane-und-vegetarische-kost-j0d.de\/?product=scharfe-saefte-gemuese-12er-pack-12-x-500-ml"},"modified":"2026-03-26T06:29:14","modified_gmt":"2026-03-26T05:29:14","slug":"scharfe-saefte-gemuese-12er-pack-12-x-500-ml","status":"publish","type":"product","link":"https:\/\/xn--shop-fr-vegane-und-vegetarische-kost-j0d.de\/?product=scharfe-saefte-gemuese-12er-pack-12-x-500-ml","title":{"rendered":"Scharfe S\u00e4fte Gem\u00fcse, 12er Pack (12 x 500 ml)"},"content":{"rendered":"<p><!-- show up to 2 reviews by default --> <\/p>\n<h3>Produktbeschreibungen<\/h3>\n<p>Pikanter Tomaten-Gem\u00fcsesaft aus Tomantensaft, aus Tomatensaftkonzentrat, Karottensaft und Selleriesaft, gesalzen und gew\u00fcrzt.<br \/> Ausgew\u00e4hlte Zutaten f\u00fcr einen pikanten Geschmack.<\/p>\n<p> Ausgew\u00e4hlte S\u00e4fte f\u00fcr den stilvollen Trinkgenuss im GUTE FREUNDE Shop kaufen.<\/p>\n<h3>Inhaltsstoffe \/ Zutaten<\/h3>\n<p>Zutaten: Tomatensaft aus Tomatensaftkonzentrat 81%, Karottensaft 10%, SELLERIEsaft 6%, Salz, Branntweinessig, Paprika-*, Lauch-*, Zwiebel-*, Fenchelsaft*, Petersiliensaft aus Petersiliensaftkonzentrat, Kressesaft aus Kressesaftkonzentrat, Gew\u00fcrze, Chili. * aus Gem\u00fcsesaftkonzentrat. <\/p>\n<div data-a-expander-name=\"toggle_description\" class=\"a-row a-expander-container a-expander-extend-container\">\n<div class=\"a-expander-content a-expander-extend-content\">\n<h3>Gebrauchsanweisung<\/h3>\n<p>Vor dem Verzehr gut sch\u00fctteln. Nach dem \u00d6ffnen stehend lagern. Innerhalb von 3 Tagen verzehren. <\/p>\n<h3>Rechtliche Hinweise<\/h3>\n<p>Vor dem \u00d6ffnen gut sch\u00fctteln. Nach dem \u00d6ffnen gek\u00fchlt aufbewahren und innerhalb von 3 Tagen aufbrauchen. Trocken und licht gesch\u00fctzt lagern. *** Inverkehrbringer: A. Dohrn &amp; A. Timm GmbH &amp; Co. KG 14979 Gro\u00dfbeeren <\/p>\n<h3>Anschrift Hersteller\/Importeur<\/h3>\n<p>D-14979 Gro\u00dfbeeren, Deutschland <\/p>\n<\/p><\/div>\n<p> <a href=\"void(0)\" data-action=\"a-expander-toggle\" class=\"a-expander-header a-declarative a-expander-extend-header\" data-a-expander-toggle=\"{\"><i class=\"a-icon a-icon-extender-expand\"><\/i><span class=\"a-expander-prompt\">Mehr<\/span><\/a> <\/div>\n<p>Pikanter Tomaten-Gem\u00fcsesaft. Angenehme Sch\u00e4rfe &amp; W\u00fcrze. Auch zum Kochen und Mixen von Cocktails.<br \/>\nAusgew\u00e4hlte Zutaten f\u00fcr einen pikanten Geschmack.<br \/>\n<div class=\"main-cross-sell\" data-asin=\"B01A5G6MUA\">\n\n\t<div class=\"WooZone-cross-sell-loader\">\n\t\t<div>\n\t\t\t<div id=\"floatingBarsG\">\n\t\t\t\t<div class=\"blockG\" id=\"rotateG_01\"><\/div>\n\t\t\t\t<div class=\"blockG\" id=\"rotateG_02\"><\/div>\n\t\t\t\t<div class=\"blockG\" id=\"rotateG_03\"><\/div>\n\t\t\t\t<div class=\"blockG\" id=\"rotateG_04\"><\/div>\n\t\t\t\t<div class=\"blockG\" id=\"rotateG_05\"><\/div>\n\t\t\t\t<div class=\"blockG\" id=\"rotateG_06\"><\/div>\n\t\t\t\t<div class=\"blockG\" id=\"rotateG_07\"><\/div>\n\t\t\t\t<div class=\"blockG\" id=\"rotateG_08\"><\/div>\n\t\t\t<\/div>\n\t\t\t<div class=\"WooZone-cross-sell-loader-text\"><\/div>\n\t\t<\/div>\n\t<\/div>\n\n\t\t\n<\/div>\n<div style=\"clear:both;\"><\/div>\n","protected":false},"excerpt":{"rendered":"<p>Pikanter Tomaten-Gem\u00fcsesaft. Angenehme Sch\u00e4rfe &amp; W\u00fcrze. Auch zum Kochen und Mixen von Cocktails.<br \/>\nAusgew\u00e4hlte Zutaten f\u00fcr einen pikanten Geschmack.<\/p>\n","protected":false},"featured_media":10585,"comment_status":"open","ping_status":"closed","template":"","meta":[],"product_cat":[4146,135],"product_tag":[],"yoast_head":"<!-- This site is optimized with the Yoast SEO Premium plugin v15.4 - https:\/\/yoast.com\/wordpress\/plugins\/seo\/ -->\n<title>Scharfe S\u00e4fte Gem\u00fcse, 12er Pack (12 x 500 ml) - Vegan oder Vegetarisch<\/title>\n<meta name=\"robots\" content=\"index, follow, max-snippet:-1, max-image-preview:large, max-video-preview:-1\" \/>\n<link rel=\"canonical\" href=\"https:\/\/xn--shop-fr-vegane-und-vegetarische-kost-j0d.de\/?product=scharfe-saefte-gemuese-12er-pack-12-x-500-ml\" \/>\n<meta property=\"og:locale\" content=\"de_DE\" \/>\n<meta property=\"og:type\" content=\"article\" \/>\n<meta property=\"og:title\" content=\"Scharfe S\u00e4fte Gem\u00fcse, 12er Pack (12 x 500 ml) - Vegan oder Vegetarisch\" \/>\n<meta property=\"og:description\" content=\"Pikanter Tomaten-Gem\u00fcsesaft. Angenehme Sch\u00e4rfe &amp; W\u00fcrze. Auch zum Kochen und Mixen von Cocktails. Ausgew\u00e4hlte Zutaten f\u00fcr einen pikanten Geschmack.\" \/>\n<meta property=\"og:url\" content=\"https:\/\/xn--shop-fr-vegane-und-vegetarische-kost-j0d.de\/?product=scharfe-saefte-gemuese-12er-pack-12-x-500-ml\" \/>\n<meta property=\"og:site_name\" content=\"Vegan oder Vegetarisch\" \/>\n<meta property=\"article:modified_time\" content=\"2026-03-26T05:29:14+00:00\" \/>\n<meta property=\"og:image\" content=\"https:\/\/images-na.ssl-images-amazon.com\/images\/I\/51qxfxsxLHL.jpg\" \/>\n\t<meta property=\"og:image:width\" content=\"500\" \/>\n\t<meta property=\"og:image:height\" content=\"500\" \/>\n<meta name=\"twitter:card\" content=\"summary_large_image\" \/>\n<meta name=\"twitter:label1\" content=\"Verfasst von\">\n\t<meta name=\"twitter:data1\" content=\"Swen-Olaf Bender\">\n\t<meta name=\"twitter:label2\" content=\"Gesch\u00e4tzte Lesezeit\">\n\t<meta name=\"twitter:data2\" content=\"1\u00a0Minute\">\n<script type=\"application\/ld+json\" class=\"yoast-schema-graph\">{\"@context\":\"https:\/\/schema.org\",\"@graph\":[{\"@type\":\"WebSite\",\"@id\":\"https:\/\/xn--shop-fr-vegane-und-vegetarische-kost-j0d.de\/#website\",\"url\":\"https:\/\/xn--shop-fr-vegane-und-vegetarische-kost-j0d.de\/\",\"name\":\"Vegan oder Vegetarisch\",\"description\":\"Gesund leben, Gesund essen\",\"potentialAction\":[{\"@type\":\"SearchAction\",\"target\":\"https:\/\/xn--shop-fr-vegane-und-vegetarische-kost-j0d.de\/?s={search_term_string}\",\"query-input\":\"required name=search_term_string\"}],\"inLanguage\":\"de\"},{\"@type\":\"ImageObject\",\"@id\":\"https:\/\/xn--shop-fr-vegane-und-vegetarische-kost-j0d.de\/?product=scharfe-saefte-gemuese-12er-pack-12-x-500-ml#primaryimage\",\"inLanguage\":\"de\",\"url\":\"https:\/\/images-na.ssl-images-amazon.com\/images\/I\/51qxfxsxLHL.jpg\",\"width\":500,\"height\":500},{\"@type\":\"WebPage\",\"@id\":\"https:\/\/xn--shop-fr-vegane-und-vegetarische-kost-j0d.de\/?product=scharfe-saefte-gemuese-12er-pack-12-x-500-ml#webpage\",\"url\":\"https:\/\/xn--shop-fr-vegane-und-vegetarische-kost-j0d.de\/?product=scharfe-saefte-gemuese-12er-pack-12-x-500-ml\",\"name\":\"Scharfe S\\u00e4fte Gem\\u00fcse, 12er Pack (12 x 500 ml) - Vegan oder Vegetarisch\",\"isPartOf\":{\"@id\":\"https:\/\/xn--shop-fr-vegane-und-vegetarische-kost-j0d.de\/#website\"},\"primaryImageOfPage\":{\"@id\":\"https:\/\/xn--shop-fr-vegane-und-vegetarische-kost-j0d.de\/?product=scharfe-saefte-gemuese-12er-pack-12-x-500-ml#primaryimage\"},\"datePublished\":\"2020-12-30T23:04:07+00:00\",\"dateModified\":\"2026-03-26T05:29:14+00:00\",\"inLanguage\":\"de\",\"potentialAction\":[{\"@type\":\"ReadAction\",\"target\":[\"https:\/\/xn--shop-fr-vegane-und-vegetarische-kost-j0d.de\/?product=scharfe-saefte-gemuese-12er-pack-12-x-500-ml\"]}]}]}<\/script>\n<!-- \/ Yoast SEO Premium plugin. -->","_links":{"self":[{"href":"https:\/\/xn--shop-fr-vegane-und-vegetarische-kost-j0d.de\/index.php?rest_route=\/wp\/v2\/product\/10584"}],"collection":[{"href":"https:\/\/xn--shop-fr-vegane-und-vegetarische-kost-j0d.de\/index.php?rest_route=\/wp\/v2\/product"}],"about":[{"href":"https:\/\/xn--shop-fr-vegane-und-vegetarische-kost-j0d.de\/index.php?rest_route=\/wp\/v2\/types\/product"}],"replies":[{"embeddable":true,"href":"https:\/\/xn--shop-fr-vegane-und-vegetarische-kost-j0d.de\/index.php?rest_route=%2Fwp%2Fv2%2Fcomments&post=10584"}],"wp:featuredmedia":[{"embeddable":true,"href":"https:\/\/xn--shop-fr-vegane-und-vegetarische-kost-j0d.de\/index.php?rest_route=\/wp\/v2\/media\/10585"}],"wp:attachment":[{"href":"https:\/\/xn--shop-fr-vegane-und-vegetarische-kost-j0d.de\/index.php?rest_route=%2Fwp%2Fv2%2Fmedia&parent=10584"}],"wp:term":[{"taxonomy":"product_cat","embeddable":true,"href":"https:\/\/xn--shop-fr-vegane-und-vegetarische-kost-j0d.de\/index.php?rest_route=%2Fwp%2Fv2%2Fproduct_cat&post=10584"},{"taxonomy":"product_tag","embeddable":true,"href":"https:\/\/xn--shop-fr-vegane-und-vegetarische-kost-j0d.de\/index.php?rest_route=%2Fwp%2Fv2%2Fproduct_tag&post=10584"}],"curies":[{"name":"wp","href":"https:\/\/api.w.org\/{rel}","templated":true}]}}