{"id":10524,"date":"2020-12-30T21:37:17","date_gmt":"2020-12-30T21:37:17","guid":{"rendered":"https:\/\/xn--shop-fr-vegane-und-vegetarische-kost-j0d.de\/?product=oekoland-vegetarische-wuerstchen-pikant-200g"},"modified":"2023-04-06T18:41:43","modified_gmt":"2023-04-06T16:41:43","slug":"oekoland-vegetarische-wuerstchen-pikant-200g","status":"publish","type":"product","link":"https:\/\/xn--shop-fr-vegane-und-vegetarische-kost-j0d.de\/?product=oekoland-vegetarische-wuerstchen-pikant-200g","title":{"rendered":"\u00d6koland Vegetarische W\u00fcrstchen &#8211; Pikant 200g"},"content":{"rendered":"<p><!-- show up to 2 reviews by default --> <\/p>\n<h3>Produktbeschreibungen<\/h3>\n<p>Die pikanten vegetarischen W\u00fcrstchen von \u00d6koland sind eine hervorragende Alternative f\u00fcr alle, die auf Fleisch verzichten m\u00f6chten. Die W\u00fcrstchen werden aus hochwertigem Weizen- und Eiwei\u00df hergestellt und eignen sich sehr gut als Einlage f\u00fcr Eint\u00f6pfe. Diese vegetarischen W\u00fcrstchen k\u00f6nnen auch besonders gut gegrillt oder in der Pfanne gebraten werden, der Geschmack wird dadurch intensiver.<\/p>\n<p> Fl\u00fcssigkeit aus dem Glas zusammen mit einem Glas Wasser im Topf erhitzen. Die W\u00fcrstchen ca. 5-7 Minuten darin ziehen lassen. Nicht kochen.<\/p>\n<p> Nach dem \u00d6ffnen gek\u00fchlt lagern und z\u00fcgig aufbrauchen Bedingt durch pflanzliche Rohstoffe kann die Fl\u00fcssigkeit im Glas leicht tr\u00fcb sein. <\/p>\n<p> N\u00e4hrwerte<br \/> (bezogen auf 100 g)<\/p>\n<p> Brennwert<br \/> 1037 kj<br \/> 251 kcal<\/p>\n<p> Fett<br \/> 21.0 g<\/p>\n<p> Davon ges\u00e4ttigte Fetts\u00e4uren<br \/> 2.7 g<\/p>\n<p> Kohlenhydrate<br \/> 3.0 g<\/p>\n<p> Davon Zucker<br \/> 0.9 g<\/p>\n<p> Ballaststoffe<br \/> 2.8 g<\/p>\n<p> Eiwei\u00df<br \/> 11.0 g<\/p>\n<p> Salz<br \/> 1.7 g<\/p>\n<h3>Inhaltsstoffe \/ Zutaten<\/h3>\n<p>Trinkwasser, Sonnenblumen\u00f6l*, Zwiebeln*, 8,7% WEIZENEIWEISS*, 5,5% EIEIWEI\u00df* getrocknet, Meersalz, Tomatenmark*, Paprika*, Verdickungsmittel: Guarkernmehl*; Porree*, WEIZENVOLLKORN* geschrotet, Steinsalz, Maltodextrin*, Karotten*, Maisst\u00e4rke*, Ingwer*, Knoblauch*, Koriander*, K\u00fcmmel*, Muskatnuss*, Chili*, Curcuma*, Pfeffer*, Liebst\u00f6ckel*, Petersilie*, Buchenholzrauch. <\/p>\n<div data-a-expander-name=\"toggle_description\" class=\"a-row a-expander-container a-expander-extend-container\">\n<div class=\"a-expander-content a-expander-extend-content\">\n<h3>Gebrauchsanweisung<\/h3>\n<p>Nach dem \u00d6ffnen gek\u00fchlt lagern und z\u00fcgig aufbrauchen Bedingt durch pflanzliche Rohstoffe kann die Fl\u00fcssigkeit im Glas leicht tr\u00fcb sein. <\/p>\n<\/p><\/div>\n<p> <a href=\"void(0)\" data-action=\"a-expander-toggle\" class=\"a-expander-header a-declarative a-expander-extend-header\" data-a-expander-toggle=\"{\"><i class=\"a-icon a-icon-extender-expand\"><\/i><span class=\"a-expander-prompt\">Mehr<\/span><\/a> <\/div>\n<p>Die pikanten vegetarischen W\u00fcrstchen von \u00d6koland sind eine hervorragende Alternative f\u00fcr alle, die auf Fleisch verzichten m\u00f6chten.<br \/>\nDie W\u00fcrstchen werden aus hochwertigem Weizen- und Eiwei\u00df hergestellt und eignen sich sehr gut als Einlage f\u00fcr Eint\u00f6pfe<br \/>\nDiese vegetarischen W\u00fcrstchen k\u00f6nnen auch besonders gut gegrillt oder in der Pfanne gebraten werden, der Geschmack wird dadurch intensiver.<br \/>\nVerwendung\/Zubereitung: Fl\u00fcssigkeit aus dem Glas zusammen mit einem Glas Wasser im Topf erhitzen. Die W\u00fcrstchen ca. 5-7 Minuten darin ziehen lassen. Nicht kochen.<br \/>\n<div class=\"main-cross-sell\" data-asin=\"B08LH8SKPR\">\n\n\t<div class=\"WooZone-cross-sell-loader\">\n\t\t<div>\n\t\t\t<div id=\"floatingBarsG\">\n\t\t\t\t<div class=\"blockG\" id=\"rotateG_01\"><\/div>\n\t\t\t\t<div class=\"blockG\" id=\"rotateG_02\"><\/div>\n\t\t\t\t<div class=\"blockG\" id=\"rotateG_03\"><\/div>\n\t\t\t\t<div class=\"blockG\" id=\"rotateG_04\"><\/div>\n\t\t\t\t<div class=\"blockG\" id=\"rotateG_05\"><\/div>\n\t\t\t\t<div class=\"blockG\" id=\"rotateG_06\"><\/div>\n\t\t\t\t<div class=\"blockG\" id=\"rotateG_07\"><\/div>\n\t\t\t\t<div class=\"blockG\" id=\"rotateG_08\"><\/div>\n\t\t\t<\/div>\n\t\t\t<div class=\"WooZone-cross-sell-loader-text\"><\/div>\n\t\t<\/div>\n\t<\/div>\n\n\t\t\n<\/div>\n<div style=\"clear:both;\"><\/div>\n","protected":false},"excerpt":{"rendered":"<p>Die pikanten vegetarischen W\u00fcrstchen von \u00d6koland sind eine hervorragende Alternative f\u00fcr alle, die auf Fleisch verzichten m\u00f6chten.<br \/>\nDie W\u00fcrstchen werden aus hochwertigem Weizen- und Eiwei\u00df hergestellt und eignen sich sehr gut als Einlage f\u00fcr Eint\u00f6pfe<br \/>\nDiese vegetarischen W\u00fcrstchen k\u00f6nnen auch besonders gut gegrillt oder in der Pfanne gebraten werden, der Geschmack wird dadurch intensiver.<\/p>\n","protected":false},"featured_media":10525,"comment_status":"open","ping_status":"closed","template":"","meta":[],"product_cat":[4146,132],"product_tag":[],"yoast_head":"<!-- This site is optimized with the Yoast SEO Premium plugin v15.4 - https:\/\/yoast.com\/wordpress\/plugins\/seo\/ -->\n<title>\u00d6koland Vegetarische W\u00fcrstchen - Pikant 200g - Vegan oder Vegetarisch<\/title>\n<meta name=\"robots\" content=\"index, follow, max-snippet:-1, max-image-preview:large, max-video-preview:-1\" \/>\n<link rel=\"canonical\" href=\"https:\/\/xn--shop-fr-vegane-und-vegetarische-kost-j0d.de\/?product=oekoland-vegetarische-wuerstchen-pikant-200g\" \/>\n<meta property=\"og:locale\" content=\"de_DE\" \/>\n<meta property=\"og:type\" content=\"article\" \/>\n<meta property=\"og:title\" content=\"\u00d6koland Vegetarische W\u00fcrstchen - Pikant 200g - Vegan oder Vegetarisch\" \/>\n<meta property=\"og:description\" content=\"Die pikanten vegetarischen W\u00fcrstchen von \u00d6koland sind eine hervorragende Alternative f\u00fcr alle, die auf Fleisch verzichten m\u00f6chten. Die W\u00fcrstchen werden aus hochwertigem Weizen- und Eiwei\u00df hergestellt und eignen sich sehr gut als Einlage f\u00fcr Eint\u00f6pfe Diese vegetarischen W\u00fcrstchen k\u00f6nnen auch besonders gut gegrillt oder in der Pfanne gebraten werden, der Geschmack wird dadurch intensiver.\" \/>\n<meta property=\"og:url\" content=\"https:\/\/xn--shop-fr-vegane-und-vegetarische-kost-j0d.de\/?product=oekoland-vegetarische-wuerstchen-pikant-200g\" \/>\n<meta property=\"og:site_name\" content=\"Vegan oder Vegetarisch\" \/>\n<meta property=\"article:modified_time\" content=\"2023-04-06T16:41:43+00:00\" \/>\n<meta property=\"og:image\" content=\"https:\/\/images-na.ssl-images-amazon.com\/images\/I\/41WP32J7AZL.jpg\" \/>\n\t<meta property=\"og:image:width\" content=\"500\" \/>\n\t<meta property=\"og:image:height\" content=\"500\" \/>\n<meta name=\"twitter:card\" content=\"summary_large_image\" \/>\n<meta name=\"twitter:label1\" content=\"Verfasst von\">\n\t<meta name=\"twitter:data1\" content=\"Swen-Olaf Bender\">\n\t<meta name=\"twitter:label2\" content=\"Gesch\u00e4tzte Lesezeit\">\n\t<meta name=\"twitter:data2\" content=\"1\u00a0Minute\">\n<script type=\"application\/ld+json\" class=\"yoast-schema-graph\">{\"@context\":\"https:\/\/schema.org\",\"@graph\":[{\"@type\":\"WebSite\",\"@id\":\"https:\/\/xn--shop-fr-vegane-und-vegetarische-kost-j0d.de\/#website\",\"url\":\"https:\/\/xn--shop-fr-vegane-und-vegetarische-kost-j0d.de\/\",\"name\":\"Vegan oder Vegetarisch\",\"description\":\"Gesund leben, Gesund essen\",\"potentialAction\":[{\"@type\":\"SearchAction\",\"target\":\"https:\/\/xn--shop-fr-vegane-und-vegetarische-kost-j0d.de\/?s={search_term_string}\",\"query-input\":\"required name=search_term_string\"}],\"inLanguage\":\"de\"},{\"@type\":\"ImageObject\",\"@id\":\"https:\/\/xn--shop-fr-vegane-und-vegetarische-kost-j0d.de\/?product=oekoland-vegetarische-wuerstchen-pikant-200g#primaryimage\",\"inLanguage\":\"de\",\"url\":\"https:\/\/images-na.ssl-images-amazon.com\/images\/I\/41WP32J7AZL.jpg\",\"width\":500,\"height\":500},{\"@type\":\"WebPage\",\"@id\":\"https:\/\/xn--shop-fr-vegane-und-vegetarische-kost-j0d.de\/?product=oekoland-vegetarische-wuerstchen-pikant-200g#webpage\",\"url\":\"https:\/\/xn--shop-fr-vegane-und-vegetarische-kost-j0d.de\/?product=oekoland-vegetarische-wuerstchen-pikant-200g\",\"name\":\"\\u00d6koland Vegetarische W\\u00fcrstchen - Pikant 200g - Vegan oder Vegetarisch\",\"isPartOf\":{\"@id\":\"https:\/\/xn--shop-fr-vegane-und-vegetarische-kost-j0d.de\/#website\"},\"primaryImageOfPage\":{\"@id\":\"https:\/\/xn--shop-fr-vegane-und-vegetarische-kost-j0d.de\/?product=oekoland-vegetarische-wuerstchen-pikant-200g#primaryimage\"},\"datePublished\":\"2020-12-30T21:37:17+00:00\",\"dateModified\":\"2023-04-06T16:41:43+00:00\",\"inLanguage\":\"de\",\"potentialAction\":[{\"@type\":\"ReadAction\",\"target\":[\"https:\/\/xn--shop-fr-vegane-und-vegetarische-kost-j0d.de\/?product=oekoland-vegetarische-wuerstchen-pikant-200g\"]}]}]}<\/script>\n<!-- \/ Yoast SEO Premium plugin. -->","_links":{"self":[{"href":"https:\/\/xn--shop-fr-vegane-und-vegetarische-kost-j0d.de\/index.php?rest_route=\/wp\/v2\/product\/10524"}],"collection":[{"href":"https:\/\/xn--shop-fr-vegane-und-vegetarische-kost-j0d.de\/index.php?rest_route=\/wp\/v2\/product"}],"about":[{"href":"https:\/\/xn--shop-fr-vegane-und-vegetarische-kost-j0d.de\/index.php?rest_route=\/wp\/v2\/types\/product"}],"replies":[{"embeddable":true,"href":"https:\/\/xn--shop-fr-vegane-und-vegetarische-kost-j0d.de\/index.php?rest_route=%2Fwp%2Fv2%2Fcomments&post=10524"}],"wp:featuredmedia":[{"embeddable":true,"href":"https:\/\/xn--shop-fr-vegane-und-vegetarische-kost-j0d.de\/index.php?rest_route=\/wp\/v2\/media\/10525"}],"wp:attachment":[{"href":"https:\/\/xn--shop-fr-vegane-und-vegetarische-kost-j0d.de\/index.php?rest_route=%2Fwp%2Fv2%2Fmedia&parent=10524"}],"wp:term":[{"taxonomy":"product_cat","embeddable":true,"href":"https:\/\/xn--shop-fr-vegane-und-vegetarische-kost-j0d.de\/index.php?rest_route=%2Fwp%2Fv2%2Fproduct_cat&post=10524"},{"taxonomy":"product_tag","embeddable":true,"href":"https:\/\/xn--shop-fr-vegane-und-vegetarische-kost-j0d.de\/index.php?rest_route=%2Fwp%2Fv2%2Fproduct_tag&post=10524"}],"curies":[{"name":"wp","href":"https:\/\/api.w.org\/{rel}","templated":true}]}}