{"id":10496,"date":"2020-12-30T21:37:06","date_gmt":"2020-12-30T21:37:06","guid":{"rendered":"https:\/\/xn--shop-fr-vegane-und-vegetarische-kost-j0d.de\/?product=azafran-gewuerze-geschenk-set-veggie-vegan-geschenkbox"},"modified":"2023-04-06T18:41:42","modified_gmt":"2023-04-06T16:41:42","slug":"azafran-gewuerze-geschenk-set-veggie-vegan-geschenkbox","status":"publish","type":"product","link":"https:\/\/xn--shop-fr-vegane-und-vegetarische-kost-j0d.de\/?product=azafran-gewuerze-geschenk-set-veggie-vegan-geschenkbox","title":{"rendered":"Azafran Gew\u00fcrze Geschenk Set \/ Veggie Vegan Geschenkbox"},"content":{"rendered":"<p><!-- show up to 2 reviews by default --> <\/p>\n<h3>Produktbeschreibungen<\/h3>\n<p>Unsere Vegane \/ Veggie Geschenkbox eignet sich hervorragend als kulinarisches Einsteigerset in die Azafran Gew\u00fcrzwelt.<\/p>\n<p> Es enth\u00e4lt: <\/p>\n<p> 50g ger\u00e4ucherter Paprika \/ 50g BIO Flor de Sal mit Kr\u00e4utern (Meersalz (93%), Bio Rosmarin*, Bio Basilikum*, Bio Thymian*, Bio Majoran*, Bio Oregano*, Bio Estragon*, Bio Liebst\u00f6ckelbl\u00e4tter*, Bio Kerbel*) \/ 50g BIO Salatgew\u00fcrzmischung (Meersalz, Knoblauch*, Roh-Rohrzucker*, Zwiebeln*, Oregano*, Basilikum*, Tomate*, Pfeffer*, Rote Beeren*, Petersilie*, SELLERIE*, Thymian*) \/ 50g BIO Gem\u00fcsebr\u00fche (Gem\u00fcse* 29% (Zwiebeln*, Karotten*, Lauch*, SELLERIE*, Knoblauch*, Steinpilz*), Steinsalz, Reismehl*, Rohrzucker*, Liebst\u00f6ckel*, Amchur*, Oregano*, Salbei*, Kurkuma*, Muskatnuss*) &#8211; Kontrollstelle: *DE-\u00d6KO-009 <\/p>\n<h3>Gebrauchsanweisung<\/h3>\n<p>Kann Spuren von SENF, SELLERIE, SESAM und N\u00dcSSEN enthalten. <\/p>\n<p>Azafran Gew\u00fcrze Geschenk Set | Geschenkbox Vegan Veggie<br \/>\nUnsere Vegane \/ Veggie Geschenkset eignet sich hervorragend als kulinarisches Einsteigerpaket in die Gew\u00fcrzwelt &#8211; entweder um selbst einmal unsere Gew\u00fcrze zu probieren oder aber auch als Geschenk f\u00fcr Freunde, Bekannte oder auch Gesch\u00e4ftspartner. Eine tolle Geschenkidee f\u00fcr Genie\u00dfer!<br \/>\nInkl. 50g ger\u00e4ucherter Paprika \/ 50g BIO Flor de Sal mit Kr\u00e4utern \/ 50g BIO Salatgew\u00fcrzmischung \/ 50g BIO Gem\u00fcsebr\u00fche<br \/>\nOhne Zusatz von Geschmacksverst\u00e4rkern und k\u00fcnstlichen Aromen. Bio Kontrollstelle DE-\u00d6KO-009<br \/>\n<div class=\"main-cross-sell\" data-asin=\"B07PYWZQRH\">\n\n\t<div class=\"WooZone-cross-sell-loader\">\n\t\t<div>\n\t\t\t<div id=\"floatingBarsG\">\n\t\t\t\t<div class=\"blockG\" id=\"rotateG_01\"><\/div>\n\t\t\t\t<div class=\"blockG\" id=\"rotateG_02\"><\/div>\n\t\t\t\t<div class=\"blockG\" id=\"rotateG_03\"><\/div>\n\t\t\t\t<div class=\"blockG\" id=\"rotateG_04\"><\/div>\n\t\t\t\t<div class=\"blockG\" id=\"rotateG_05\"><\/div>\n\t\t\t\t<div class=\"blockG\" id=\"rotateG_06\"><\/div>\n\t\t\t\t<div class=\"blockG\" id=\"rotateG_07\"><\/div>\n\t\t\t\t<div class=\"blockG\" id=\"rotateG_08\"><\/div>\n\t\t\t<\/div>\n\t\t\t<div class=\"WooZone-cross-sell-loader-text\"><\/div>\n\t\t<\/div>\n\t<\/div>\n\n\t\t\n<\/div>\n<div style=\"clear:both;\"><\/div>\n","protected":false},"excerpt":{"rendered":"<p>Azafran Gew\u00fcrze Geschenk Set | Geschenkbox Vegan Veggie<br \/>\nUnsere Vegane \/ Veggie Geschenkset eignet sich hervorragend als kulinarisches Einsteigerpaket in die Gew\u00fcrzwelt &#8211; entweder um selbst einmal unsere Gew\u00fcrze zu probieren oder aber auch als Geschenk f\u00fcr Freunde, Bekannte oder auch Gesch\u00e4ftspartner. Eine tolle Geschenkidee f\u00fcr Genie\u00dfer!<br \/>\nInkl. 50g ger\u00e4ucherter Paprika \/ 50g BIO Flor de Sal mit Kr\u00e4utern \/ 50g BIO Salatgew\u00fcrzmischung \/ 50g BIO Gem\u00fcsebr\u00fche<\/p>\n","protected":false},"featured_media":10497,"comment_status":"open","ping_status":"closed","template":"","meta":[],"product_cat":[4146,132],"product_tag":[],"yoast_head":"<!-- This site is optimized with the Yoast SEO Premium plugin v15.4 - https:\/\/yoast.com\/wordpress\/plugins\/seo\/ -->\n<title>Azafran Gew\u00fcrze Geschenk Set \/ Veggie Vegan Geschenkbox - Vegan oder Vegetarisch<\/title>\n<meta name=\"robots\" content=\"index, follow, max-snippet:-1, max-image-preview:large, max-video-preview:-1\" \/>\n<link rel=\"canonical\" href=\"https:\/\/xn--shop-fr-vegane-und-vegetarische-kost-j0d.de\/?product=azafran-gewuerze-geschenk-set-veggie-vegan-geschenkbox\" \/>\n<meta property=\"og:locale\" content=\"de_DE\" \/>\n<meta property=\"og:type\" content=\"article\" \/>\n<meta property=\"og:title\" content=\"Azafran Gew\u00fcrze Geschenk Set \/ Veggie Vegan Geschenkbox - Vegan oder Vegetarisch\" \/>\n<meta property=\"og:description\" content=\"Azafran Gew\u00fcrze Geschenk Set | Geschenkbox Vegan Veggie Unsere Vegane \/ Veggie Geschenkset eignet sich hervorragend als kulinarisches Einsteigerpaket in die Gew\u00fcrzwelt - entweder um selbst einmal unsere Gew\u00fcrze zu probieren oder aber auch als Geschenk f\u00fcr Freunde, Bekannte oder auch Gesch\u00e4ftspartner. Eine tolle Geschenkidee f\u00fcr Genie\u00dfer! Inkl. 50g ger\u00e4ucherter Paprika \/ 50g BIO Flor de Sal mit Kr\u00e4utern \/ 50g BIO Salatgew\u00fcrzmischung \/ 50g BIO Gem\u00fcsebr\u00fche\" \/>\n<meta property=\"og:url\" content=\"https:\/\/xn--shop-fr-vegane-und-vegetarische-kost-j0d.de\/?product=azafran-gewuerze-geschenk-set-veggie-vegan-geschenkbox\" \/>\n<meta property=\"og:site_name\" content=\"Vegan oder Vegetarisch\" \/>\n<meta property=\"article:modified_time\" content=\"2023-04-06T16:41:42+00:00\" \/>\n<meta property=\"og:image\" content=\"https:\/\/images-na.ssl-images-amazon.com\/images\/I\/51A4zxJSnuL.jpg\" \/>\n\t<meta property=\"og:image:width\" content=\"500\" \/>\n\t<meta property=\"og:image:height\" content=\"500\" \/>\n<meta name=\"twitter:card\" content=\"summary_large_image\" \/>\n<meta name=\"twitter:label1\" content=\"Verfasst von\">\n\t<meta name=\"twitter:data1\" content=\"Swen-Olaf Bender\">\n\t<meta name=\"twitter:label2\" content=\"Gesch\u00e4tzte Lesezeit\">\n\t<meta name=\"twitter:data2\" content=\"1\u00a0Minute\">\n<script type=\"application\/ld+json\" class=\"yoast-schema-graph\">{\"@context\":\"https:\/\/schema.org\",\"@graph\":[{\"@type\":\"WebSite\",\"@id\":\"https:\/\/xn--shop-fr-vegane-und-vegetarische-kost-j0d.de\/#website\",\"url\":\"https:\/\/xn--shop-fr-vegane-und-vegetarische-kost-j0d.de\/\",\"name\":\"Vegan oder Vegetarisch\",\"description\":\"Gesund leben, Gesund essen\",\"potentialAction\":[{\"@type\":\"SearchAction\",\"target\":\"https:\/\/xn--shop-fr-vegane-und-vegetarische-kost-j0d.de\/?s={search_term_string}\",\"query-input\":\"required name=search_term_string\"}],\"inLanguage\":\"de\"},{\"@type\":\"ImageObject\",\"@id\":\"https:\/\/xn--shop-fr-vegane-und-vegetarische-kost-j0d.de\/?product=azafran-gewuerze-geschenk-set-veggie-vegan-geschenkbox#primaryimage\",\"inLanguage\":\"de\",\"url\":\"https:\/\/images-na.ssl-images-amazon.com\/images\/I\/51A4zxJSnuL.jpg\",\"width\":500,\"height\":500},{\"@type\":\"WebPage\",\"@id\":\"https:\/\/xn--shop-fr-vegane-und-vegetarische-kost-j0d.de\/?product=azafran-gewuerze-geschenk-set-veggie-vegan-geschenkbox#webpage\",\"url\":\"https:\/\/xn--shop-fr-vegane-und-vegetarische-kost-j0d.de\/?product=azafran-gewuerze-geschenk-set-veggie-vegan-geschenkbox\",\"name\":\"Azafran Gew\\u00fcrze Geschenk Set \/ Veggie Vegan Geschenkbox - Vegan oder Vegetarisch\",\"isPartOf\":{\"@id\":\"https:\/\/xn--shop-fr-vegane-und-vegetarische-kost-j0d.de\/#website\"},\"primaryImageOfPage\":{\"@id\":\"https:\/\/xn--shop-fr-vegane-und-vegetarische-kost-j0d.de\/?product=azafran-gewuerze-geschenk-set-veggie-vegan-geschenkbox#primaryimage\"},\"datePublished\":\"2020-12-30T21:37:06+00:00\",\"dateModified\":\"2023-04-06T16:41:42+00:00\",\"inLanguage\":\"de\",\"potentialAction\":[{\"@type\":\"ReadAction\",\"target\":[\"https:\/\/xn--shop-fr-vegane-und-vegetarische-kost-j0d.de\/?product=azafran-gewuerze-geschenk-set-veggie-vegan-geschenkbox\"]}]}]}<\/script>\n<!-- \/ Yoast SEO Premium plugin. -->","_links":{"self":[{"href":"https:\/\/xn--shop-fr-vegane-und-vegetarische-kost-j0d.de\/index.php?rest_route=\/wp\/v2\/product\/10496"}],"collection":[{"href":"https:\/\/xn--shop-fr-vegane-und-vegetarische-kost-j0d.de\/index.php?rest_route=\/wp\/v2\/product"}],"about":[{"href":"https:\/\/xn--shop-fr-vegane-und-vegetarische-kost-j0d.de\/index.php?rest_route=\/wp\/v2\/types\/product"}],"replies":[{"embeddable":true,"href":"https:\/\/xn--shop-fr-vegane-und-vegetarische-kost-j0d.de\/index.php?rest_route=%2Fwp%2Fv2%2Fcomments&post=10496"}],"wp:featuredmedia":[{"embeddable":true,"href":"https:\/\/xn--shop-fr-vegane-und-vegetarische-kost-j0d.de\/index.php?rest_route=\/wp\/v2\/media\/10497"}],"wp:attachment":[{"href":"https:\/\/xn--shop-fr-vegane-und-vegetarische-kost-j0d.de\/index.php?rest_route=%2Fwp%2Fv2%2Fmedia&parent=10496"}],"wp:term":[{"taxonomy":"product_cat","embeddable":true,"href":"https:\/\/xn--shop-fr-vegane-und-vegetarische-kost-j0d.de\/index.php?rest_route=%2Fwp%2Fv2%2Fproduct_cat&post=10496"},{"taxonomy":"product_tag","embeddable":true,"href":"https:\/\/xn--shop-fr-vegane-und-vegetarische-kost-j0d.de\/index.php?rest_route=%2Fwp%2Fv2%2Fproduct_tag&post=10496"}],"curies":[{"name":"wp","href":"https:\/\/api.w.org\/{rel}","templated":true}]}}