{"id":10420,"date":"2020-12-30T21:33:55","date_gmt":"2020-12-30T21:33:55","guid":{"rendered":"https:\/\/xn--shop-fr-vegane-und-vegetarische-kost-j0d.de\/?product=knorr-snack-bar-kartoffelpueree-mit-roestzwiebel-croutons-8er-pack-8-x-53-g"},"modified":"2023-04-06T18:41:42","modified_gmt":"2023-04-06T16:41:42","slug":"knorr-snack-bar-kartoffelpueree-mit-roestzwiebel-croutons-8er-pack-8-x-53-g","status":"publish","type":"product","link":"https:\/\/xn--shop-fr-vegane-und-vegetarische-kost-j0d.de\/?product=knorr-snack-bar-kartoffelpueree-mit-roestzwiebel-croutons-8er-pack-8-x-53-g","title":{"rendered":"KnorrSnack Bar Kartoffelp\u00fcree mit R\u00f6stzwiebel &amp; Croutons, 8er Pack (8 x 53 g)"},"content":{"rendered":"<p><!-- show up to 2 reviews by default --> <\/p>\n<h3>Produktbeschreibung<\/h3>\n<p>Der Knorr Kartoffel Snack R\u00f6stzwiebeln &amp; Cro\u00fbtons ist eine ideale Mahlzeit f\u00fcr zwischendurch im B\u00fcro oder wenn zu Hause mal keine Zeit zum Kochen ist. Zubereitung: Deckel \u00f6ffnen. Mit kochendem Wasser bis zur Markierung aufgie\u00dfen. Gr\u00fcndlich umr\u00fchren und Deckel wieder schlie\u00dfen. 5 Minuten ziehen lassen. Nochmals gut umr\u00fchren. Die Knorr-Snackbecher sind der ideale Snack f\u00fcr zwischendurch im B\u00fcro oder wenn zu Hause mal keine Zeit zum Kochen ist. Dabei sind sie mit hei\u00dfem Wasser aufgegossen ruckzuck zubereitet. Auch die Wartezeit von nicht einmal 5 Minuten ist nicht zu lange, bis man die kleine Zwischenmahlzeit genie\u00dfen kann. In Knorrs vielf\u00e4ltigem Sortiment lassen sich cremige Pasta Snacks als Nudelgericht und herzhafte Kartoffel Snacks finden. Auch die Liebhaber vom Reis Snack kommen mit dem exotischen Curry-Reis schnell auf den Geschmack. Abwechslung bietet neben dem klassischen Knorr Pasta Snack wie zum Beispiel Nudeln in K\u00e4se-Sahne-Sauce oder dem Kartoffel Snack Speck &amp; Zwiebeln auch ein Sortiment von authentisch thail\u00e4ndischen Noodle Snacks. Einfach mal \u2018ne Auszeit nehmen. Mit den vielen leckeren Snackbechern von Knorr. Dank unserer Fix-Produkte, Br\u00fchen, Saucen, Fertiggerichten, Snack Becher, Fertigsuppen und Salatdressings gelingt jedes Gericht garantiert mit wenigen Handgriffen. Schnell und einfach erhalten so authentische Mahlzeiten ihren typischen Geschmack \u2013 egal, ob abwechslungsreiche vegetarische oder vegane K\u00fcche, herzhafte Fleischgerichte oder leckere Gem\u00fcsevariationen. Dabei ist es die Komposition ausgew\u00e4hlter hochwertiger Zutaten, die jedes Knorr Produkt besonders macht. Knorr verarbeitet nur sorgf\u00e4ltig schonend getrocknete Zutaten, denn das Trocknen ist eine der \u00e4ltesten Methoden, um Lebensmittel nat\u00fcrlich haltbar zu machen. Da der Geschmack und die N\u00e4hrstoffe der frischen Zutaten weitgehend erhalten bleiben, passen Lebensmittel aus getrockneten Zutaten ideal in unseren stressigen Alltag. Essen mit Knorr ist unkompliziert und sorgt dar\u00fcber hinaus f\u00fcr ein gutes Gef\u00fchl: \u00dcber 90 Prozent der Zutaten kommen heute schon aus nachhaltigem Anbau. Denn wir bei Knorr glauben, dass die Verwendung nachhaltig angebauter und beschaffter Zutaten einen gro\u00dfen Unterschied f\u00fcr den Geschmack unserer Produkte, das Wohlbefinden der Landwirte und die Zukunft des Planeten macht. Knorr \u2013 Geschmack mit gutem Gef\u00fchl. <\/p>\n<h3>Inhaltsstoffe \/ Zutaten<\/h3>\n<p>Zutaten: 55% Kartoffeln\u00b3, 11% Weizencro\u00fbtons (Semmelbrot (WEIZENMEHL, Speisesalz, Hefe), Palm\u00f6l, Antioxidationsmittel Extrakt aus Rosmarin), Palm\u00f6l, 10% R\u00f6stzwiebeln (Zwiebeln\u00b3, Sonnenblumen\u00f6l), Meersalz, 2.6% Speckw\u00fcrfel (Schweinefleisch, Speisesalz, Rauch), Glukosesirup, Zucker, MILCHEIWEISS, Hefeextrakt, Speisesalz, Schnittlauch\u00b3, Emulgator (Mono- und Diglyceride von Speisefetts\u00e4uren), Gem\u00fcsesaftkonzentrate (SELLERIE, Karotten\u00b3, Lauch, Zwiebeln), Aromen, Curcuma\u00b3. \u00b3Aus nachhaltigem Anbau. Kann Spuren von Ei enthalten. <\/p>\n<div data-a-expander-name=\"toggle_description\" class=\"a-row a-expander-container a-expander-extend-container\">\n<div class=\"a-expander-content a-expander-extend-content\">\n<h3>Gebrauchsanweisung<\/h3>\n<p>1) Deckel \u00f6ffnen. Mit kochendem Wasser bis zur Markierung aufgie\u00dfen. 2) Gr\u00fcndlich umr\u00fchren und Deckel wieder schlie\u00dfen. 3) 5 Minuten ziehen lassen. Nochmals gut umr\u00fchren. <\/p>\n<h3>Warnhinweise<\/h3>\n<p>Nicht zutreffend. <\/p>\n<h3>Anschrift Hersteller\/Importeur<\/h3>\n<p>Postfach 570 237, 22771 Hamburg <\/p>\n<\/p><\/div>\n<p> <a href=\"void(0)\" data-action=\"a-expander-toggle\" class=\"a-expander-header a-declarative a-expander-extend-header\" data-a-expander-toggle=\"{\"><i class=\"a-icon a-icon-extender-expand\"><\/i><span class=\"a-expander-prompt\">Mehr<\/span><\/a> <\/div>\n<p>Knorr Kartoffel Snack &#8211; ideal f\u00fcr zwischendurch<br \/>\nLeckeres Kartoffelp\u00fcree mit R\u00f6stzwiebeln &amp; Cro\u00fbtons<br \/>\nNat\u00fcrlich ohne geschmacksverst\u00e4rkende Zusatzstoffe und ohne Farbstoffe<br \/>\nEinfach mit hei\u00dfem Wasser zubereitet und fertig in 5 Minuten<br \/>\nDank seiner einfachen Zubereitung f\u00fcr den schnellen Snack zuhause oder auf der Arbeit ideal geeignet<br \/>\nJetzt auch in einem praktischen Becher erh\u00e4ltlich \u2013 ideal f\u00fcr unterwegs<br \/>\n<div class=\"main-cross-sell\" data-asin=\"B01N5QLBMS\">\n\n\t<div class=\"WooZone-cross-sell-loader\">\n\t\t<div>\n\t\t\t<div id=\"floatingBarsG\">\n\t\t\t\t<div class=\"blockG\" id=\"rotateG_01\"><\/div>\n\t\t\t\t<div class=\"blockG\" id=\"rotateG_02\"><\/div>\n\t\t\t\t<div class=\"blockG\" id=\"rotateG_03\"><\/div>\n\t\t\t\t<div class=\"blockG\" id=\"rotateG_04\"><\/div>\n\t\t\t\t<div class=\"blockG\" id=\"rotateG_05\"><\/div>\n\t\t\t\t<div class=\"blockG\" id=\"rotateG_06\"><\/div>\n\t\t\t\t<div class=\"blockG\" id=\"rotateG_07\"><\/div>\n\t\t\t\t<div class=\"blockG\" id=\"rotateG_08\"><\/div>\n\t\t\t<\/div>\n\t\t\t<div class=\"WooZone-cross-sell-loader-text\"><\/div>\n\t\t<\/div>\n\t<\/div>\n\n\t\t\n<\/div>\n<div style=\"clear:both;\"><\/div>\n","protected":false},"excerpt":{"rendered":"<p>Knorr Kartoffel Snack &#8211; ideal f\u00fcr zwischendurch<br \/>\nLeckeres Kartoffelp\u00fcree mit R\u00f6stzwiebeln &amp; Cro\u00fbtons<br \/>\nNat\u00fcrlich ohne geschmacksverst\u00e4rkende Zusatzstoffe und ohne Farbstoffe<\/p>\n","protected":false},"featured_media":10421,"comment_status":"open","ping_status":"closed","template":"","meta":[],"product_cat":[4146,132],"product_tag":[],"yoast_head":"<!-- This site is optimized with the Yoast SEO Premium plugin v15.4 - https:\/\/yoast.com\/wordpress\/plugins\/seo\/ -->\n<title>KnorrSnack Bar Kartoffelp\u00fcree mit R\u00f6stzwiebel &amp; Croutons, 8er Pack (8 x 53 g) - Vegan oder Vegetarisch<\/title>\n<meta name=\"robots\" content=\"index, follow, max-snippet:-1, max-image-preview:large, max-video-preview:-1\" \/>\n<link rel=\"canonical\" href=\"https:\/\/xn--shop-fr-vegane-und-vegetarische-kost-j0d.de\/?product=knorr-snack-bar-kartoffelpueree-mit-roestzwiebel-croutons-8er-pack-8-x-53-g\" \/>\n<meta property=\"og:locale\" content=\"de_DE\" \/>\n<meta property=\"og:type\" content=\"article\" \/>\n<meta property=\"og:title\" content=\"KnorrSnack Bar Kartoffelp\u00fcree mit R\u00f6stzwiebel &amp; Croutons, 8er Pack (8 x 53 g) - Vegan oder Vegetarisch\" \/>\n<meta property=\"og:description\" content=\"Knorr Kartoffel Snack - ideal f\u00fcr zwischendurch Leckeres Kartoffelp\u00fcree mit R\u00f6stzwiebeln &amp; Cro\u00fbtons Nat\u00fcrlich ohne geschmacksverst\u00e4rkende Zusatzstoffe und ohne Farbstoffe\" \/>\n<meta property=\"og:url\" content=\"https:\/\/xn--shop-fr-vegane-und-vegetarische-kost-j0d.de\/?product=knorr-snack-bar-kartoffelpueree-mit-roestzwiebel-croutons-8er-pack-8-x-53-g\" \/>\n<meta property=\"og:site_name\" content=\"Vegan oder Vegetarisch\" \/>\n<meta property=\"article:modified_time\" content=\"2023-04-06T16:41:42+00:00\" \/>\n<meta property=\"og:image\" content=\"https:\/\/images-na.ssl-images-amazon.com\/images\/I\/51ZOBh251lL.jpg\" \/>\n\t<meta property=\"og:image:width\" content=\"500\" \/>\n\t<meta property=\"og:image:height\" content=\"500\" \/>\n<meta name=\"twitter:card\" content=\"summary_large_image\" \/>\n<meta name=\"twitter:label1\" content=\"Verfasst von\">\n\t<meta name=\"twitter:data1\" content=\"Swen-Olaf Bender\">\n\t<meta name=\"twitter:label2\" content=\"Gesch\u00e4tzte Lesezeit\">\n\t<meta name=\"twitter:data2\" content=\"2\u00a0Minuten\">\n<script type=\"application\/ld+json\" class=\"yoast-schema-graph\">{\"@context\":\"https:\/\/schema.org\",\"@graph\":[{\"@type\":\"WebSite\",\"@id\":\"https:\/\/xn--shop-fr-vegane-und-vegetarische-kost-j0d.de\/#website\",\"url\":\"https:\/\/xn--shop-fr-vegane-und-vegetarische-kost-j0d.de\/\",\"name\":\"Vegan oder Vegetarisch\",\"description\":\"Gesund leben, Gesund essen\",\"potentialAction\":[{\"@type\":\"SearchAction\",\"target\":\"https:\/\/xn--shop-fr-vegane-und-vegetarische-kost-j0d.de\/?s={search_term_string}\",\"query-input\":\"required name=search_term_string\"}],\"inLanguage\":\"de\"},{\"@type\":\"ImageObject\",\"@id\":\"https:\/\/xn--shop-fr-vegane-und-vegetarische-kost-j0d.de\/?product=knorr-snack-bar-kartoffelpueree-mit-roestzwiebel-croutons-8er-pack-8-x-53-g#primaryimage\",\"inLanguage\":\"de\",\"url\":\"https:\/\/images-na.ssl-images-amazon.com\/images\/I\/51ZOBh251lL.jpg\",\"width\":500,\"height\":500},{\"@type\":\"WebPage\",\"@id\":\"https:\/\/xn--shop-fr-vegane-und-vegetarische-kost-j0d.de\/?product=knorr-snack-bar-kartoffelpueree-mit-roestzwiebel-croutons-8er-pack-8-x-53-g#webpage\",\"url\":\"https:\/\/xn--shop-fr-vegane-und-vegetarische-kost-j0d.de\/?product=knorr-snack-bar-kartoffelpueree-mit-roestzwiebel-croutons-8er-pack-8-x-53-g\",\"name\":\"KnorrSnack Bar Kartoffelp\\u00fcree mit R\\u00f6stzwiebel &amp; Croutons, 8er Pack (8 x 53 g) - Vegan oder Vegetarisch\",\"isPartOf\":{\"@id\":\"https:\/\/xn--shop-fr-vegane-und-vegetarische-kost-j0d.de\/#website\"},\"primaryImageOfPage\":{\"@id\":\"https:\/\/xn--shop-fr-vegane-und-vegetarische-kost-j0d.de\/?product=knorr-snack-bar-kartoffelpueree-mit-roestzwiebel-croutons-8er-pack-8-x-53-g#primaryimage\"},\"datePublished\":\"2020-12-30T21:33:55+00:00\",\"dateModified\":\"2023-04-06T16:41:42+00:00\",\"inLanguage\":\"de\",\"potentialAction\":[{\"@type\":\"ReadAction\",\"target\":[\"https:\/\/xn--shop-fr-vegane-und-vegetarische-kost-j0d.de\/?product=knorr-snack-bar-kartoffelpueree-mit-roestzwiebel-croutons-8er-pack-8-x-53-g\"]}]}]}<\/script>\n<!-- \/ Yoast SEO Premium plugin. -->","_links":{"self":[{"href":"https:\/\/xn--shop-fr-vegane-und-vegetarische-kost-j0d.de\/index.php?rest_route=\/wp\/v2\/product\/10420"}],"collection":[{"href":"https:\/\/xn--shop-fr-vegane-und-vegetarische-kost-j0d.de\/index.php?rest_route=\/wp\/v2\/product"}],"about":[{"href":"https:\/\/xn--shop-fr-vegane-und-vegetarische-kost-j0d.de\/index.php?rest_route=\/wp\/v2\/types\/product"}],"replies":[{"embeddable":true,"href":"https:\/\/xn--shop-fr-vegane-und-vegetarische-kost-j0d.de\/index.php?rest_route=%2Fwp%2Fv2%2Fcomments&post=10420"}],"wp:featuredmedia":[{"embeddable":true,"href":"https:\/\/xn--shop-fr-vegane-und-vegetarische-kost-j0d.de\/index.php?rest_route=\/wp\/v2\/media\/10421"}],"wp:attachment":[{"href":"https:\/\/xn--shop-fr-vegane-und-vegetarische-kost-j0d.de\/index.php?rest_route=%2Fwp%2Fv2%2Fmedia&parent=10420"}],"wp:term":[{"taxonomy":"product_cat","embeddable":true,"href":"https:\/\/xn--shop-fr-vegane-und-vegetarische-kost-j0d.de\/index.php?rest_route=%2Fwp%2Fv2%2Fproduct_cat&post=10420"},{"taxonomy":"product_tag","embeddable":true,"href":"https:\/\/xn--shop-fr-vegane-und-vegetarische-kost-j0d.de\/index.php?rest_route=%2Fwp%2Fv2%2Fproduct_tag&post=10420"}],"curies":[{"name":"wp","href":"https:\/\/api.w.org\/{rel}","templated":true}]}}