{"id":10231,"date":"2020-12-30T21:27:25","date_gmt":"2020-12-30T21:27:25","guid":{"rendered":"https:\/\/xn--shop-fr-vegane-und-vegetarische-kost-j0d.de\/?product=vegourmet-jeezo-monti-kaeseblock-400g"},"modified":"2023-04-06T18:39:33","modified_gmt":"2023-04-06T16:39:33","slug":"vegourmet-jeezo-monti-kaeseblock-400g","status":"publish","type":"product","link":"https:\/\/xn--shop-fr-vegane-und-vegetarische-kost-j0d.de\/?product=vegourmet-jeezo-monti-kaeseblock-400g","title":{"rendered":"Vegourmet Jeezo Monti K\u00e4seblock &#8211; 400g"},"content":{"rendered":"<p><!-- show up to 2 reviews by default --> <\/p>\n<p>Der neue w\u00fcrzige Klassiker und ein ideales Pendant zum milden Santeciano. K\u00e4s-Sp\u00e4tzle, Raclette oder eine deftige Erg\u00e4nzung zu einer z\u00fcnftigen Jause gef\u00e4llig? Der Montanero verhei\u00dft seine geschmackliche Herkunft schon im Namen \u2013 er k\u00f6nnte direkt frisch von einer Alm stammen. Durch eine besonders sorgf\u00e4ltige Abstimmung kommt er gut an, ohne geruchlich oder vom Salzgehalt her anzuecken. Diese K\u00e4se-Alternative ist der charakterstarke Bruder des Santeciano, geschmacklich orientiert er sich an einem milden Schafsk\u00e4se mit Alpin-Einschlag, auch die Konsistenz ist zarter im Biss. Selbst das Schmelzverhalten toppt noch den hervorragenden Santeciano. Ein idealer Vegi-K\u00e4se f\u00fcr deftige K\u00e4s-Sp\u00e4tzle, f\u00fcr K\u00e4sefladen oder f\u00fcr eine Raclette-Partie. Er harmoniert \u00fcbrigens hervorragend mit R\u00f6stzwiebeln. Mit wertvollen frischen Zutaten und gesundem Tahini.Zutaten: Wasser, Pflanzliche \u00f6le (23 %, davon 70% Sheabutter und 30% Kokosfett), Kartoffelst\u00e4rke, Modifizierte St\u00e4rke, Meersalz, Emulgator: Natriumpolyphosphat, Natriumcitrat, Zitronens\u00e4ure-Ester von Mono- und Diglyceriden, Mono- und Diglyceride von Speisefetts\u00e4uren (pflanzliche Quellen), vegane Aromen, Raucharoma, Konservierungsmittel: Sorbins\u00e4ure, Farbstoff: Betakarotin. N\u00e4hrwerte pro 100g: Energie 1255kj\/300 kcalEiwei\u00df 1,5 gKohlenhydrate 17 gFett 26 g <\/p>\n<p>Vegan, Glutenfrei<br \/>\n<div class=\"main-cross-sell\" data-asin=\"B00I9ZCBMS\">\n\n\t<div class=\"WooZone-cross-sell-loader\">\n\t\t<div>\n\t\t\t<div id=\"floatingBarsG\">\n\t\t\t\t<div class=\"blockG\" id=\"rotateG_01\"><\/div>\n\t\t\t\t<div class=\"blockG\" id=\"rotateG_02\"><\/div>\n\t\t\t\t<div class=\"blockG\" id=\"rotateG_03\"><\/div>\n\t\t\t\t<div class=\"blockG\" id=\"rotateG_04\"><\/div>\n\t\t\t\t<div class=\"blockG\" id=\"rotateG_05\"><\/div>\n\t\t\t\t<div class=\"blockG\" id=\"rotateG_06\"><\/div>\n\t\t\t\t<div class=\"blockG\" id=\"rotateG_07\"><\/div>\n\t\t\t\t<div class=\"blockG\" id=\"rotateG_08\"><\/div>\n\t\t\t<\/div>\n\t\t\t<div class=\"WooZone-cross-sell-loader-text\"><\/div>\n\t\t<\/div>\n\t<\/div>\n\n\t\t\n<\/div>\n<div style=\"clear:both;\"><\/div>\n","protected":false},"excerpt":{"rendered":"<p>Vegan, Glutenfrei<\/p>\n","protected":false},"featured_media":10232,"comment_status":"open","ping_status":"closed","template":"","meta":[],"product_cat":[4145,58],"product_tag":[],"yoast_head":"<!-- This site is optimized with the Yoast SEO Premium plugin v15.4 - https:\/\/yoast.com\/wordpress\/plugins\/seo\/ -->\n<title>Vegourmet Jeezo Monti K\u00e4seblock - 400g - Vegan oder Vegetarisch<\/title>\n<meta name=\"robots\" content=\"index, follow, max-snippet:-1, max-image-preview:large, max-video-preview:-1\" \/>\n<link rel=\"canonical\" href=\"https:\/\/xn--shop-fr-vegane-und-vegetarische-kost-j0d.de\/?product=vegourmet-jeezo-monti-kaeseblock-400g\" \/>\n<meta property=\"og:locale\" content=\"de_DE\" \/>\n<meta property=\"og:type\" content=\"article\" \/>\n<meta property=\"og:title\" content=\"Vegourmet Jeezo Monti K\u00e4seblock - 400g - Vegan oder Vegetarisch\" \/>\n<meta property=\"og:description\" content=\"Vegan, Glutenfrei\" \/>\n<meta property=\"og:url\" content=\"https:\/\/xn--shop-fr-vegane-und-vegetarische-kost-j0d.de\/?product=vegourmet-jeezo-monti-kaeseblock-400g\" \/>\n<meta property=\"og:site_name\" content=\"Vegan oder Vegetarisch\" \/>\n<meta property=\"article:modified_time\" content=\"2023-04-06T16:39:33+00:00\" \/>\n<meta property=\"og:image\" content=\"https:\/\/images-na.ssl-images-amazon.com\/images\/I\/51h8UYtxxKL.jpg\" \/>\n\t<meta property=\"og:image:width\" content=\"500\" \/>\n\t<meta property=\"og:image:height\" content=\"500\" \/>\n<meta name=\"twitter:card\" content=\"summary_large_image\" \/>\n<meta name=\"twitter:label1\" content=\"Verfasst von\">\n\t<meta name=\"twitter:data1\" content=\"Swen-Olaf Bender\">\n\t<meta name=\"twitter:label2\" content=\"Gesch\u00e4tzte Lesezeit\">\n\t<meta name=\"twitter:data2\" content=\"1\u00a0Minute\">\n<script type=\"application\/ld+json\" class=\"yoast-schema-graph\">{\"@context\":\"https:\/\/schema.org\",\"@graph\":[{\"@type\":\"WebSite\",\"@id\":\"https:\/\/xn--shop-fr-vegane-und-vegetarische-kost-j0d.de\/#website\",\"url\":\"https:\/\/xn--shop-fr-vegane-und-vegetarische-kost-j0d.de\/\",\"name\":\"Vegan oder Vegetarisch\",\"description\":\"Gesund leben, Gesund essen\",\"potentialAction\":[{\"@type\":\"SearchAction\",\"target\":\"https:\/\/xn--shop-fr-vegane-und-vegetarische-kost-j0d.de\/?s={search_term_string}\",\"query-input\":\"required name=search_term_string\"}],\"inLanguage\":\"de\"},{\"@type\":\"ImageObject\",\"@id\":\"https:\/\/xn--shop-fr-vegane-und-vegetarische-kost-j0d.de\/?product=vegourmet-jeezo-monti-kaeseblock-400g#primaryimage\",\"inLanguage\":\"de\",\"url\":\"https:\/\/images-na.ssl-images-amazon.com\/images\/I\/51h8UYtxxKL.jpg\",\"width\":500,\"height\":500},{\"@type\":\"WebPage\",\"@id\":\"https:\/\/xn--shop-fr-vegane-und-vegetarische-kost-j0d.de\/?product=vegourmet-jeezo-monti-kaeseblock-400g#webpage\",\"url\":\"https:\/\/xn--shop-fr-vegane-und-vegetarische-kost-j0d.de\/?product=vegourmet-jeezo-monti-kaeseblock-400g\",\"name\":\"Vegourmet Jeezo Monti K\\u00e4seblock - 400g - Vegan oder Vegetarisch\",\"isPartOf\":{\"@id\":\"https:\/\/xn--shop-fr-vegane-und-vegetarische-kost-j0d.de\/#website\"},\"primaryImageOfPage\":{\"@id\":\"https:\/\/xn--shop-fr-vegane-und-vegetarische-kost-j0d.de\/?product=vegourmet-jeezo-monti-kaeseblock-400g#primaryimage\"},\"datePublished\":\"2020-12-30T21:27:25+00:00\",\"dateModified\":\"2023-04-06T16:39:33+00:00\",\"inLanguage\":\"de\",\"potentialAction\":[{\"@type\":\"ReadAction\",\"target\":[\"https:\/\/xn--shop-fr-vegane-und-vegetarische-kost-j0d.de\/?product=vegourmet-jeezo-monti-kaeseblock-400g\"]}]}]}<\/script>\n<!-- \/ Yoast SEO Premium plugin. -->","_links":{"self":[{"href":"https:\/\/xn--shop-fr-vegane-und-vegetarische-kost-j0d.de\/index.php?rest_route=\/wp\/v2\/product\/10231"}],"collection":[{"href":"https:\/\/xn--shop-fr-vegane-und-vegetarische-kost-j0d.de\/index.php?rest_route=\/wp\/v2\/product"}],"about":[{"href":"https:\/\/xn--shop-fr-vegane-und-vegetarische-kost-j0d.de\/index.php?rest_route=\/wp\/v2\/types\/product"}],"replies":[{"embeddable":true,"href":"https:\/\/xn--shop-fr-vegane-und-vegetarische-kost-j0d.de\/index.php?rest_route=%2Fwp%2Fv2%2Fcomments&post=10231"}],"wp:featuredmedia":[{"embeddable":true,"href":"https:\/\/xn--shop-fr-vegane-und-vegetarische-kost-j0d.de\/index.php?rest_route=\/wp\/v2\/media\/10232"}],"wp:attachment":[{"href":"https:\/\/xn--shop-fr-vegane-und-vegetarische-kost-j0d.de\/index.php?rest_route=%2Fwp%2Fv2%2Fmedia&parent=10231"}],"wp:term":[{"taxonomy":"product_cat","embeddable":true,"href":"https:\/\/xn--shop-fr-vegane-und-vegetarische-kost-j0d.de\/index.php?rest_route=%2Fwp%2Fv2%2Fproduct_cat&post=10231"},{"taxonomy":"product_tag","embeddable":true,"href":"https:\/\/xn--shop-fr-vegane-und-vegetarische-kost-j0d.de\/index.php?rest_route=%2Fwp%2Fv2%2Fproduct_tag&post=10231"}],"curies":[{"name":"wp","href":"https:\/\/api.w.org\/{rel}","templated":true}]}}