{"id":10183,"date":"2020-12-30T21:01:43","date_gmt":"2020-12-30T21:01:43","guid":{"rendered":"https:\/\/xn--shop-fr-vegane-und-vegetarische-kost-j0d.de\/?product=tali-geschenkbox-fruchtvielfalt-7-sorten-gefriergetrocknete-fruechte"},"modified":"2023-04-06T18:39:33","modified_gmt":"2023-04-06T16:39:33","slug":"tali-geschenkbox-fruchtvielfalt-7-sorten-gefriergetrocknete-fruechte","status":"publish","type":"product","link":"https:\/\/xn--shop-fr-vegane-und-vegetarische-kost-j0d.de\/?product=tali-geschenkbox-fruchtvielfalt-7-sorten-gefriergetrocknete-fruechte","title":{"rendered":"TALI Geschenkbox Fruchtvielfalt &#8211; 7 Sorten gefriergetrocknete Fr\u00fcchte"},"content":{"rendered":"<p>Entdecken Sie unsere nat\u00fcrliche Vielfalt an gefriergetrockneten Fr\u00fcchten: Sieben Sorten in einem h\u00fcbschen Geschenkkarton<br \/>\nDer Karton enth\u00e4lt 50 g gefriergetrocknete Erdbeeren, 70 g gefriergetrocknete Himbeeren, 70 g gefriergetrocknete Sauerkirschen, 60 g gefriergetrocknete Mango, 70 g gefriergetrocknete Brombeeren, 50 g gefriergetrocknete Heidelbeeren, 50 g gefriergetrocknete Ananas oder 50 g gefriergetrocknete Bio-Bananen (je nach Verf\u00fcgbarkeit)<br \/>\nAlle Sorten sind in wiederverschlie\u00dfbaren Aromaschutzbeuteln verpackt. Die gefriergetrockneten Fr\u00fcchte sind aus 100% purer Frucht hergestellt und enthalten keinen Zucker oder weitere Zus\u00e4tze. Sie schmecken z.B. in M\u00fcsli, Joghurt oder Quark, lassen sich zu Smoothies verarbeiten oder einfach so naschen.<br \/>\n<div class=\"main-cross-sell\" data-asin=\"B06XYL6KHT\">\n\n\t<div class=\"WooZone-cross-sell-loader\">\n\t\t<div>\n\t\t\t<div id=\"floatingBarsG\">\n\t\t\t\t<div class=\"blockG\" id=\"rotateG_01\"><\/div>\n\t\t\t\t<div class=\"blockG\" id=\"rotateG_02\"><\/div>\n\t\t\t\t<div class=\"blockG\" id=\"rotateG_03\"><\/div>\n\t\t\t\t<div class=\"blockG\" id=\"rotateG_04\"><\/div>\n\t\t\t\t<div class=\"blockG\" id=\"rotateG_05\"><\/div>\n\t\t\t\t<div class=\"blockG\" id=\"rotateG_06\"><\/div>\n\t\t\t\t<div class=\"blockG\" id=\"rotateG_07\"><\/div>\n\t\t\t\t<div class=\"blockG\" id=\"rotateG_08\"><\/div>\n\t\t\t<\/div>\n\t\t\t<div class=\"WooZone-cross-sell-loader-text\"><\/div>\n\t\t<\/div>\n\t<\/div>\n\n\t\t\n<\/div>\n<div style=\"clear:both;\"><\/div>\n","protected":false},"excerpt":{"rendered":"<p>Entdecken Sie unsere nat\u00fcrliche Vielfalt an gefriergetrockneten Fr\u00fcchten: Sieben Sorten in einem h\u00fcbschen Geschenkkarton<br \/>\nDer Karton enth\u00e4lt 50 g gefriergetrocknete Erdbeeren, 70 g gefriergetrocknete Himbeeren, 70 g gefriergetrocknete Sauerkirschen, 60 g gefriergetrocknete Mango, 70 g gefriergetrocknete Brombeeren, 50 g gefriergetrocknete Heidelbeeren, 50 g gefriergetrocknete Ananas oder 50 g gefriergetrocknete Bio-Bananen (je nach Verf\u00fcgbarkeit)<br \/>\nAlle Sorten sind in wiederverschlie\u00dfbaren Aromaschutzbeuteln verpackt. Die gefriergetrockneten Fr\u00fcchte sind aus 100% purer Frucht hergestellt und enthalten keinen Zucker oder weitere Zus\u00e4tze. Sie schmecken z.B. in M\u00fcsli, Joghurt oder Quark, lassen sich zu Smoothies verarbeiten oder einfach so naschen.<\/p>\n","protected":false},"featured_media":10184,"comment_status":"open","ping_status":"closed","template":"","meta":[],"product_cat":[63],"product_tag":[],"yoast_head":"<!-- This site is optimized with the Yoast SEO Premium plugin v15.4 - https:\/\/yoast.com\/wordpress\/plugins\/seo\/ -->\n<title>TALI Geschenkbox Fruchtvielfalt - 7 Sorten gefriergetrocknete Fr\u00fcchte - Vegan oder Vegetarisch<\/title>\n<meta name=\"robots\" content=\"index, follow, max-snippet:-1, max-image-preview:large, max-video-preview:-1\" \/>\n<link rel=\"canonical\" href=\"https:\/\/xn--shop-fr-vegane-und-vegetarische-kost-j0d.de\/?product=tali-geschenkbox-fruchtvielfalt-7-sorten-gefriergetrocknete-fruechte\" \/>\n<meta property=\"og:locale\" content=\"de_DE\" \/>\n<meta property=\"og:type\" content=\"article\" \/>\n<meta property=\"og:title\" content=\"TALI Geschenkbox Fruchtvielfalt - 7 Sorten gefriergetrocknete Fr\u00fcchte - Vegan oder Vegetarisch\" \/>\n<meta property=\"og:description\" content=\"Entdecken Sie unsere nat\u00fcrliche Vielfalt an gefriergetrockneten Fr\u00fcchten: Sieben Sorten in einem h\u00fcbschen Geschenkkarton Der Karton enth\u00e4lt 50 g gefriergetrocknete Erdbeeren, 70 g gefriergetrocknete Himbeeren, 70 g gefriergetrocknete Sauerkirschen, 60 g gefriergetrocknete Mango, 70 g gefriergetrocknete Brombeeren, 50 g gefriergetrocknete Heidelbeeren, 50 g gefriergetrocknete Ananas oder 50 g gefriergetrocknete Bio-Bananen (je nach Verf\u00fcgbarkeit) Alle Sorten sind in wiederverschlie\u00dfbaren Aromaschutzbeuteln verpackt. Die gefriergetrockneten Fr\u00fcchte sind aus 100% purer Frucht hergestellt und enthalten keinen Zucker oder weitere Zus\u00e4tze. Sie schmecken z.B. in M\u00fcsli, Joghurt oder Quark, lassen sich zu Smoothies verarbeiten oder einfach so naschen.\" \/>\n<meta property=\"og:url\" content=\"https:\/\/xn--shop-fr-vegane-und-vegetarische-kost-j0d.de\/?product=tali-geschenkbox-fruchtvielfalt-7-sorten-gefriergetrocknete-fruechte\" \/>\n<meta property=\"og:site_name\" content=\"Vegan oder Vegetarisch\" \/>\n<meta property=\"article:modified_time\" content=\"2023-04-06T16:39:33+00:00\" \/>\n<meta property=\"og:image\" content=\"https:\/\/images-na.ssl-images-amazon.com\/images\/I\/41Di-0bhA%2BL.jpg\" \/>\n\t<meta property=\"og:image:width\" content=\"500\" \/>\n\t<meta property=\"og:image:height\" content=\"439\" \/>\n<meta name=\"twitter:card\" content=\"summary_large_image\" \/>\n<meta name=\"twitter:label1\" content=\"Verfasst von\">\n\t<meta name=\"twitter:data1\" content=\"Swen-Olaf Bender\">\n\t<meta name=\"twitter:label2\" content=\"Gesch\u00e4tzte Lesezeit\">\n\t<meta name=\"twitter:data2\" content=\"0\u00a0Minuten\">\n<script type=\"application\/ld+json\" class=\"yoast-schema-graph\">{\"@context\":\"https:\/\/schema.org\",\"@graph\":[{\"@type\":\"WebSite\",\"@id\":\"https:\/\/xn--shop-fr-vegane-und-vegetarische-kost-j0d.de\/#website\",\"url\":\"https:\/\/xn--shop-fr-vegane-und-vegetarische-kost-j0d.de\/\",\"name\":\"Vegan oder Vegetarisch\",\"description\":\"Gesund leben, Gesund essen\",\"potentialAction\":[{\"@type\":\"SearchAction\",\"target\":\"https:\/\/xn--shop-fr-vegane-und-vegetarische-kost-j0d.de\/?s={search_term_string}\",\"query-input\":\"required name=search_term_string\"}],\"inLanguage\":\"de\"},{\"@type\":\"ImageObject\",\"@id\":\"https:\/\/xn--shop-fr-vegane-und-vegetarische-kost-j0d.de\/?product=tali-geschenkbox-fruchtvielfalt-7-sorten-gefriergetrocknete-fruechte#primaryimage\",\"inLanguage\":\"de\",\"url\":\"https:\/\/images-na.ssl-images-amazon.com\/images\/I\/41Di-0bhA%2BL.jpg\",\"width\":500,\"height\":439},{\"@type\":\"WebPage\",\"@id\":\"https:\/\/xn--shop-fr-vegane-und-vegetarische-kost-j0d.de\/?product=tali-geschenkbox-fruchtvielfalt-7-sorten-gefriergetrocknete-fruechte#webpage\",\"url\":\"https:\/\/xn--shop-fr-vegane-und-vegetarische-kost-j0d.de\/?product=tali-geschenkbox-fruchtvielfalt-7-sorten-gefriergetrocknete-fruechte\",\"name\":\"TALI Geschenkbox Fruchtvielfalt - 7 Sorten gefriergetrocknete Fr\\u00fcchte - Vegan oder Vegetarisch\",\"isPartOf\":{\"@id\":\"https:\/\/xn--shop-fr-vegane-und-vegetarische-kost-j0d.de\/#website\"},\"primaryImageOfPage\":{\"@id\":\"https:\/\/xn--shop-fr-vegane-und-vegetarische-kost-j0d.de\/?product=tali-geschenkbox-fruchtvielfalt-7-sorten-gefriergetrocknete-fruechte#primaryimage\"},\"datePublished\":\"2020-12-30T21:01:43+00:00\",\"dateModified\":\"2023-04-06T16:39:33+00:00\",\"inLanguage\":\"de\",\"potentialAction\":[{\"@type\":\"ReadAction\",\"target\":[\"https:\/\/xn--shop-fr-vegane-und-vegetarische-kost-j0d.de\/?product=tali-geschenkbox-fruchtvielfalt-7-sorten-gefriergetrocknete-fruechte\"]}]}]}<\/script>\n<!-- \/ Yoast SEO Premium plugin. -->","_links":{"self":[{"href":"https:\/\/xn--shop-fr-vegane-und-vegetarische-kost-j0d.de\/index.php?rest_route=\/wp\/v2\/product\/10183"}],"collection":[{"href":"https:\/\/xn--shop-fr-vegane-und-vegetarische-kost-j0d.de\/index.php?rest_route=\/wp\/v2\/product"}],"about":[{"href":"https:\/\/xn--shop-fr-vegane-und-vegetarische-kost-j0d.de\/index.php?rest_route=\/wp\/v2\/types\/product"}],"replies":[{"embeddable":true,"href":"https:\/\/xn--shop-fr-vegane-und-vegetarische-kost-j0d.de\/index.php?rest_route=%2Fwp%2Fv2%2Fcomments&post=10183"}],"wp:featuredmedia":[{"embeddable":true,"href":"https:\/\/xn--shop-fr-vegane-und-vegetarische-kost-j0d.de\/index.php?rest_route=\/wp\/v2\/media\/10184"}],"wp:attachment":[{"href":"https:\/\/xn--shop-fr-vegane-und-vegetarische-kost-j0d.de\/index.php?rest_route=%2Fwp%2Fv2%2Fmedia&parent=10183"}],"wp:term":[{"taxonomy":"product_cat","embeddable":true,"href":"https:\/\/xn--shop-fr-vegane-und-vegetarische-kost-j0d.de\/index.php?rest_route=%2Fwp%2Fv2%2Fproduct_cat&post=10183"},{"taxonomy":"product_tag","embeddable":true,"href":"https:\/\/xn--shop-fr-vegane-und-vegetarische-kost-j0d.de\/index.php?rest_route=%2Fwp%2Fv2%2Fproduct_tag&post=10183"}],"curies":[{"name":"wp","href":"https:\/\/api.w.org\/{rel}","templated":true}]}}